[INFO] cloning repository https://github.com/EbrahimEldesoky/SoundClaw
[INFO] running `Command { std: "git" "-c" "credential.helper=" "-c" "credential.helper=/workspace/cargo-home/bin/git-credential-null" "clone" "--bare" "https://github.com/EbrahimEldesoky/SoundClaw" "/workspace/cache/git-repos/https%3A%2F%2Fgithub.com%2FEbrahimEldesoky%2FSoundClaw", kill_on_drop: false }`
[INFO] [stderr] Cloning into bare repository '/workspace/cache/git-repos/https%3A%2F%2Fgithub.com%2FEbrahimEldesoky%2FSoundClaw'...
[INFO] running `Command { std: "git" "rev-parse" "HEAD", kill_on_drop: false }`
[INFO] [stdout] 848b08790ee2aa3043323f61cdcbef3ba9005c8e
[INFO] checking EbrahimEldesoky/SoundClaw against 40527f3e444fde1deb361751bdef9b9e11d1b971+rustflags=--cfg crater_hack --force-warn invalid-c-variadic-arguments for pr-162478
[INFO] running `Command { std: "git" "clone" "/workspace/cache/git-repos/https%3A%2F%2Fgithub.com%2FEbrahimEldesoky%2FSoundClaw" "/workspace/builds/worker-7-tc2/source", kill_on_drop: false }`
[INFO] [stderr] Cloning into '/workspace/builds/worker-7-tc2/source'...
[INFO] [stderr] done.
[INFO] started tweaking git repo https://github.com/EbrahimEldesoky/SoundClaw
[INFO] finished tweaking git repo https://github.com/EbrahimEldesoky/SoundClaw
[INFO] tweaked toml for git repo https://github.com/EbrahimEldesoky/SoundClaw written to /workspace/builds/worker-7-tc2/source/Cargo.toml
[INFO] validating manifest of git repo https://github.com/EbrahimEldesoky/SoundClaw on toolchain 40527f3e444fde1deb361751bdef9b9e11d1b971
[INFO] running `Command { std: CARGO_HOME="/workspace/cargo-home" RUSTUP_HOME="/workspace/rustup-home" "/workspace/cargo-home/bin/cargo" "+40527f3e444fde1deb361751bdef9b9e11d1b971" "metadata" "--manifest-path" "Cargo.toml" "--no-deps", kill_on_drop: false }`
[INFO] crate git repo https://github.com/EbrahimEldesoky/SoundClaw already has a lockfile, it will not be regenerated
[INFO] running `Command { std: CARGO_HOME="/workspace/cargo-home" RUSTUP_HOME="/workspace/rustup-home" "/workspace/cargo-home/bin/cargo" "+40527f3e444fde1deb361751bdef9b9e11d1b971" "fetch" "--manifest-path" "Cargo.toml", kill_on_drop: false }`
[INFO] [stderr] warning: binary `SoundClaw` should have a kebab-case name
[INFO] [stderr]    |
[INFO] [stderr]  1 | /workspace/builds/worker-7-tc2/source/target/.../SoundClaw
[INFO] [stderr]    |                                                  ^^^^^^^^^
[INFO] [stderr]    |
[INFO] [stderr]    = note: `cargo::non_kebab_case_bins` is set to `warn` by default
[INFO] [stderr] help: to change the binary name to `sound-claw`, convert `package.name`
[INFO] [stderr]   --> Cargo.toml:45:8
[INFO] [stderr]    |
[INFO] [stderr] 45 - name = "SoundClaw"
[INFO] [stderr] 45 + name = "sound-claw"
[INFO] [stderr]    |
[INFO] [stderr] help: to change the binary name to `sound-claw`, specify `bin.name`
[INFO] [stderr]   --> Cargo.toml:46:19
[INFO] [stderr]    |
[INFO] [stderr] 46 ~ version = "0.1.0"
[INFO] [stderr] 47 + [[bin]]
[INFO] [stderr] 48 + name = "sound-claw"
[INFO] [stderr] 49 + path = "src/main.rs"
[INFO] [stderr]    |
[INFO] [stderr] warning: `SoundClaw` (manifest) generated 1 warning
[INFO] running `Command { std: "docker" "create" "-v" "/var/lib/crater-agent-workspace/builds/worker-7-tc2/source:/opt/rustwide/workdir:ro,Z" "-v" "/var/lib/crater-agent-workspace/builds/worker-7-tc2/target:/opt/rustwide/target:rw,Z" "-v" "/var/lib/crater-agent-workspace/cargo-home:/opt/rustwide/cargo-home:ro,Z" "-v" "/var/lib/crater-agent-workspace/rustup-home:/opt/rustwide/rustup-home:ro,Z" "-m" "1610612736" "--network" "none" "ghcr.io/rust-lang/crates-build-env/linux@sha256:8683fc1fc2eb5c9ac98e0d076ab094b2ffac7f99da555d2b6a2e27f346de2ec7" "sleep" "infinity", kill_on_drop: false }`
[INFO] [stdout] fc45eefa65d8b73f72f0178de3dea106feabe6c110dc91b7ab9b890cfe6bd6e7
[INFO] running `Command { std: "docker" "start" "fc45eefa65d8b73f72f0178de3dea106feabe6c110dc91b7ab9b890cfe6bd6e7", kill_on_drop: false }`
[INFO] running `Command { std: "docker" "inspect" "fc45eefa65d8b73f72f0178de3dea106feabe6c110dc91b7ab9b890cfe6bd6e7", kill_on_drop: false }`
[INFO] running `Command { std: "docker" "exec" "-e" "SOURCE_DIR=/opt/rustwide/workdir" "-e" "CARGO_HOME=/opt/rustwide/cargo-home" "-e" "RUSTUP_HOME=/opt/rustwide/rustup-home" "-e" "CARGO_TARGET_DIR=/opt/rustwide/target" "-w" "/opt/rustwide/workdir" "--user" "0:0" "fc45eefa65d8b73f72f0178de3dea106feabe6c110dc91b7ab9b890cfe6bd6e7" "/opt/rustwide/cargo-home/bin/cargo" "+40527f3e444fde1deb361751bdef9b9e11d1b971" "metadata" "--no-deps" "--format-version=1", kill_on_drop: false }`
[INFO] running `Command { std: "docker" "inspect" "fc45eefa65d8b73f72f0178de3dea106feabe6c110dc91b7ab9b890cfe6bd6e7", kill_on_drop: false }`
[INFO] running `Command { std: "docker" "exec" "-e" "SOURCE_DIR=/opt/rustwide/workdir" "-e" "CARGO_HOME=/opt/rustwide/cargo-home" "-e" "RUSTUP_HOME=/opt/rustwide/rustup-home" "-e" "CARGO_TARGET_DIR=/opt/rustwide/target" "-e" "CARGO_INCREMENTAL=0" "-e" "RUST_BACKTRACE=full" "-e" "RUSTFLAGS=--cap-lints=forbid --cfg crater_hack --force-warn invalid-c-variadic-arguments" "-e" "RUSTDOCFLAGS=--cap-lints=forbid" "-w" "/opt/rustwide/workdir" "--user" "0:0" "fc45eefa65d8b73f72f0178de3dea106feabe6c110dc91b7ab9b890cfe6bd6e7" "/opt/rustwide/cargo-home/bin/cargo" "+40527f3e444fde1deb361751bdef9b9e11d1b971" "check" "--frozen" "--all" "--all-targets" "--message-format=json", kill_on_drop: false }`
[INFO] [stderr] warning: binary `SoundClaw` should have a kebab-case name
[INFO] [stderr]    |
[INFO] [stderr]  1 | /opt/rustwide/target/.../SoundClaw
[INFO] [stderr]    |                          ^^^^^^^^^
[INFO] [stderr]    |
[INFO] [stderr]    = note: `cargo::non_kebab_case_bins` is set to `warn` by default
[INFO] [stderr] help: to change the binary name to `sound-claw`, convert `package.name`
[INFO] [stderr]   --> Cargo.toml:45:8
[INFO] [stderr]    |
[INFO] [stderr] 45 - name = "SoundClaw"
[INFO] [stderr] 45 + name = "sound-claw"
[INFO] [stderr]    |
[INFO] [stderr] help: to change the binary name to `sound-claw`, specify `bin.name`
[INFO] [stderr]   --> Cargo.toml:46:19
[INFO] [stderr]    |
[INFO] [stderr] 46 ~ version = "0.1.0"
[INFO] [stderr] 47 + [[bin]]
[INFO] [stderr] 48 + name = "sound-claw"
[INFO] [stderr] 49 + path = "src/main.rs"
[INFO] [stderr]    |
[INFO] [stderr] warning: `SoundClaw` (manifest) generated 1 warning
[INFO] [stderr]     Checking smallvec v1.15.2
[INFO] [stderr]    Compiling libc v0.2.189
[INFO] [stderr]    Compiling cc v1.4.4
[INFO] [stderr]     Checking log v0.4.34
[INFO] [stderr]    Compiling syn v2.0.119
[INFO] [stderr]    Compiling syn v3.0.3
[INFO] [stderr]     Checking http v1.5.0
[INFO] [stderr]    Compiling pkg-config v0.3.34
[INFO] [stderr]    Compiling prettyplease v0.2.37
[INFO] [stderr]     Checking litemap v0.8.3
[INFO] [stderr]     Checking writeable v0.6.4
[INFO] [stderr]    Compiling memchr v2.8.3
[INFO] [stderr]    Compiling icu_normalizer_data v2.3.0
[INFO] [stderr]    Compiling icu_properties_data v2.3.0
[INFO] [stderr]     Checking futures-task v0.3.34
[INFO] [stderr]    Compiling serde_core v1.0.229
[INFO] [stderr]    Compiling regex-automata v0.4.18
[INFO] [stderr]     Checking futures-util v0.3.34
[INFO] [stderr]     Checking http-body v1.1.0
[INFO] [stderr]    Compiling nom v7.1.3
[INFO] [stderr]     Checking parking_lot_core v0.9.12
[INFO] [stderr]     Checking errno v0.3.14
[INFO] [stderr]     Checking signal-hook-registry v1.4.8
[INFO] [stderr]     Checking parking_lot v0.12.5
[INFO] [stderr]     Checking mio v1.2.2
[INFO] [stderr]     Checking socket2 v0.6.5
[INFO] [stderr]    Compiling openssl-sys v0.9.117
[INFO] [stderr]    Compiling bindgen v0.72.1
[INFO] [stderr]    Compiling either v1.18.0
[INFO] [stderr]    Compiling clang-sys v1.9.1
[INFO] [stderr]    Compiling itertools v0.13.0
[INFO] [stderr]    Compiling regex v1.13.1
[INFO] [stderr]    Compiling openssl v0.10.81
[INFO] [stderr]    Compiling bitflags v2.13.1
[INFO] [stderr]    Compiling cexpr v0.6.0
[INFO] [stderr]    Compiling cmake v0.1.58
[INFO] [stderr]     Checking http-body-util v0.1.5
[INFO] [stderr]     Checking futures-channel v0.3.34
[INFO] [stderr]     Checking sync_wrapper v1.0.2
[INFO] [stderr]    Compiling native-tls v0.2.18
[INFO] [stderr]    Compiling mime_guess v2.0.5
[INFO] [stderr]    Compiling serde_json v1.0.151
[INFO] [stderr]     Checking ipnet v2.12.1
[INFO] [stderr]    Compiling multer v3.1.0
[INFO] [stderr]     Checking encoding_rs v0.8.35
[INFO] [stderr]     Checking unicase v2.9.0
[INFO] [stderr]     Checking regex-syntax v0.8.11
[INFO] [stderr]     Checking getrandom v0.4.3
[INFO] [stderr]     Checking zeroize v1.9.0
[INFO] [stderr]     Checking spin v0.9.9
[INFO] [stderr]    Compiling whisper-rs v0.16.0
[INFO] [stderr]    Compiling anyhow v1.0.104
[INFO] [stderr]     Checking rustix v1.1.4
[INFO] [stderr]     Checking rustls-pki-types v1.15.1
[INFO] [stderr]     Checking tracing-log v0.2.0
[INFO] [stderr]     Checking thread_local v1.1.10
[INFO] [stderr]     Checking uuid v1.25.0
[INFO] [stderr]    Compiling synstructure v0.13.2
[INFO] [stderr]    Compiling zerovec-derive v0.11.6
[INFO] [stderr]    Compiling displaydoc v0.2.7
[INFO] [stderr]    Compiling tokio-macros v2.7.2
[INFO] [stderr]     Checking tokio v1.53.1
[INFO] [stderr]    Compiling serde_derive v1.0.229
[INFO] [stderr]     Checking serde_path_to_error v0.1.20
[INFO] [stderr]     Checking tempfile v3.27.0
[INFO] [stderr]    Compiling async-trait v0.1.92
[INFO] [stderr]    Compiling zerofrom-derive v0.1.7
[INFO] [stderr]    Compiling yoke-derive v0.8.2
[INFO] [stderr]    Compiling tracing-attributes v0.1.31
[INFO] [stderr]    Compiling openssl-macros v0.1.1
[INFO] [stderr]     Checking matchers v0.2.0
[INFO] [stderr]     Checking zerofrom v0.1.8
[INFO] [stderr]     Checking tracing v0.1.44
[INFO] [stderr]     Checking yoke v0.8.3
[INFO] [stderr]     Checking axum-core v0.5.6
[INFO] [stderr]     Checking tracing-subscriber v0.3.23
[INFO] [stderr]     Checking zerovec v0.11.8
[INFO] [stderr]     Checking zerotrie v0.2.5
[INFO] [stderr]     Checking tinystr v0.8.4
[INFO] [stderr]     Checking icu_locale_core v2.3.0
[INFO] [stderr]     Checking potential_utf v0.1.6
[INFO] [stderr]     Checking icu_collections v2.3.0
[INFO] [stderr]     Checking serde v1.0.229
[INFO] [stderr]     Checking icu_provider v2.3.1
[INFO] [stderr]     Checking icu_properties v2.3.0
[INFO] [stderr]     Checking icu_normalizer v2.3.0
[INFO] [stderr]     Checking serde_urlencoded v0.7.1
[INFO] [stderr]    Compiling whisper-rs-sys v0.15.0
[INFO] [stderr]     Checking idna_adapter v1.2.2
[INFO] [stderr]     Checking idna v1.1.0
[INFO] [stderr]     Checking tokio-util v0.7.19
[INFO] [stderr]     Checking tower v0.5.3
[INFO] [stderr]     Checking tokio-native-tls v0.3.1
[INFO] [stderr]     Checking url v2.5.8
[INFO] [stderr]     Checking h2 v0.4.18
[INFO] [stderr]     Checking tower-http v0.6.11
[INFO] [stderr]     Checking hyper v1.11.0
[INFO] [stderr]     Checking hyper-util v0.1.20
[INFO] [stderr]     Checking hyper-tls v0.6.0
[INFO] [stderr]     Checking axum v0.8.9
[INFO] [stderr]     Checking reqwest v0.12.28
[INFO] [stderr] error: could not compile `axum` (lib)
[INFO] [stderr] 
[INFO] [stderr] Caused by:
[INFO] [stderr]   process didn't exit successfully: `/opt/rustwide/rustup-home/toolchains/40527f3e444fde1deb361751bdef9b9e11d1b971/bin/rustc --crate-name axum --edition=2021 /opt/rustwide/cargo-home/registry/src/index.crates.io-1949cf8c6b5b557f/axum-0.8.9/src/lib.rs --error-format=json --json=diagnostic-rendered-ansi,artifacts,future-incompat,unused-externs-silent --crate-type lib --emit=dep-info,metadata -C embed-bitcode=no -C debuginfo=2 --cfg 'feature="default"' --cfg 'feature="form"' --cfg 'feature="http1"' --cfg 'feature="json"' --cfg 'feature="matched-path"' --cfg 'feature="multipart"' --cfg 'feature="original-uri"' --cfg 'feature="query"' --cfg 'feature="tokio"' --cfg 'feature="tower-log"' --cfg 'feature="tracing"' --check-cfg 'cfg(docsrs,test)' --check-cfg 'cfg(feature, values("__private", "__private_docs", "default", "form", "http1", "http2", "json", "macros", "matched-path", "multipart", "original-uri", "query", "tokio", "tower-log", "tracing", "ws"))' -C metadata=56cc4211e707db9f -C extra-filename=-a5c237cc39536bc7 --out-dir /opt/rustwide/target/debug/build/axum/a5c237cc39536bc7/out -L dependency=/opt/rustwide/target/debug/build/atomic-waker/3667a311e522bab9/out -L dependency=/opt/rustwide/target/debug/build/base64/2d69431f12323261/out -L dependency=/opt/rustwide/target/debug/build/bytes/1634c43361de1f40/out -L dependency=/opt/rustwide/target/debug/build/cfg-if/b130e4df861970d7/out -L dependency=/opt/rustwide/target/debug/build/encoding_rs/6e275b4bdcceeb18/out -L dependency=/opt/rustwide/target/debug/build/equivalent/4622bc42417919a3/out -L dependency=/opt/rustwide/target/debug/build/errno/142b803a086f4aa8/out -L dependency=/opt/rustwide/target/debug/build/fnv/e9bbeb6dbf5fcf54/out -L dependency=/opt/rustwide/target/debug/build/form_urlencoded/48ed0b7339b90a6e/out -L dependency=/opt/rustwide/target/debug/build/futures-channel/93d69caed00cef03/out -L dependency=/opt/rustwide/target/debug/build/futures-core/1384356d4d972b8f/out -L dependency=/opt/rustwide/target/debug/build/futures-sink/ca9b3a857ff6590d/out -L dependency=/opt/rustwide/target/debug/build/futures-task/4921e7585a89bee9/out -L dependency=/opt/rustwide/target/debug/build/futures-util/4eb30e90fb7ae521/out -L dependency=/opt/rustwide/target/debug/build/h2/7b683570195eb29d/out -L dependency=/opt/rustwide/target/debug/build/hashbrown/7237356fcd1b698b/out -L dependency=/opt/rustwide/target/debug/build/http-body-util/3d3c6b87d1c1b8e3/out -L dependency=/opt/rustwide/target/debug/build/http-body/4af134faabda602a/out -L dependency=/opt/rustwide/target/debug/build/http/90183e850cd33d8f/out -L dependency=/opt/rustwide/target/debug/build/httparse/81e49c45228a1328/out -L dependency=/opt/rustwide/target/debug/build/httpdate/09b3d3013186f713/out -L dependency=/opt/rustwide/target/debug/build/hyper/db32cbf0d1f82f7a/out -L dependency=/opt/rustwide/target/debug/build/indexmap/8f7c88a201a8584d/out -L dependency=/opt/rustwide/target/debug/build/ipnet/ef02b0e687a34a02/out -L dependency=/opt/rustwide/target/debug/build/itoa/c148da98164ab3e7/out -L dependency=/opt/rustwide/target/debug/build/libc/d992f0339d79e3bd/out -L dependency=/opt/rustwide/target/debug/build/lock_api/ffb5a428b287a4e1/out -L dependency=/opt/rustwide/target/debug/build/log/9b2d56cc00262a71/out -L dependency=/opt/rustwide/target/debug/build/memchr/fb4600d09f30ee91/out -L dependency=/opt/rustwide/target/debug/build/mime/5cbb622f1fbbcae0/out -L dependency=/opt/rustwide/target/debug/build/mio/5ca77d426fa5ffcb/out -L dependency=/opt/rustwide/target/debug/build/once_cell/c7e2c3497bdca91e/out -L dependency=/opt/rustwide/target/debug/build/parking_lot/c4b3b98e36f9cbd6/out -L dependency=/opt/rustwide/target/debug/build/parking_lot_core/4628c87be22db42e/out -L dependency=/opt/rustwide/target/debug/build/percent-encoding/6bbdc4f4e067a1a8/out -L dependency=/opt/rustwide/target/debug/build/pin-project-lite/939ff28c23f518de/out -L dependency=/opt/rustwide/target/debug/build/ryu/61ae31af640ef7ed/out -L dependency=/opt/rustwide/target/debug/build/scopeguard/9130ca354df06040/out -L dependency=/opt/rustwide/target/debug/build/serde/724759684f0a83ea/out -L dependency=/opt/rustwide/target/debug/build/serde_core/73cf335a457c0977/out -L dependency=/opt/rustwide/target/debug/build/serde_derive/f6ea89486bc0b60a/out -L dependency=/opt/rustwide/target/debug/build/signal-hook-registry/eb9f5ea3343094d8/out -L dependency=/opt/rustwide/target/debug/build/slab/a01d05c41b89a3e8/out -L dependency=/opt/rustwide/target/debug/build/smallvec/96e91b57bc6b899b/out -L dependency=/opt/rustwide/target/debug/build/socket2/88e2fb5b8b32a63b/out -L dependency=/opt/rustwide/target/debug/build/spin/26058414231457d1/out -L dependency=/opt/rustwide/target/debug/build/sync_wrapper/0bfd6b6b23a3fef5/out -L dependency=/opt/rustwide/target/debug/build/tokio-macros/7450edf5ca557aa8/out -L dependency=/opt/rustwide/target/debug/build/tokio-util/682bcd6e54adf8c8/out -L dependency=/opt/rustwide/target/debug/build/tokio/85977855296fe5ac/out -L dependency=/opt/rustwide/target/debug/build/tower-layer/713134b990606739/out -L dependency=/opt/rustwide/target/debug/build/tower-service/662bcea8364ef4e8/out -L dependency=/opt/rustwide/target/debug/build/tracing-attributes/b681d057e3c1c463/out -L dependency=/opt/rustwide/target/debug/build/tracing-core/222fa447acfdc433/out -L dependency=/opt/rustwide/target/debug/build/tracing/7e49751d8c6b494f/out -L dependency=/opt/rustwide/target/debug/build/try-lock/36b8b22a56ed82b9/out -L dependency=/opt/rustwide/target/debug/build/want/9f321e211c9f21c0/out -L dependency=/opt/rustwide/target/debug/build/zmij/dc78b2cfc450897b/out --extern axum_core=/opt/rustwide/target/debug/build/axum-core/d696c6cf5d5ea78b/out/libaxum_core-d696c6cf5d5ea78b.rmeta --extern bytes=/opt/rustwide/target/debug/build/bytes/1634c43361de1f40/out/libbytes-1634c43361de1f40.rmeta --extern form_urlencoded=/opt/rustwide/target/debug/build/form_urlencoded/48ed0b7339b90a6e/out/libform_urlencoded-48ed0b7339b90a6e.rmeta --extern futures_util=/opt/rustwide/target/debug/build/futures-util/4eb30e90fb7ae521/out/libfutures_util-4eb30e90fb7ae521.rmeta --extern http=/opt/rustwide/target/debug/build/http/90183e850cd33d8f/out/libhttp-90183e850cd33d8f.rmeta --extern http_body=/opt/rustwide/target/debug/build/http-body/4af134faabda602a/out/libhttp_body-4af134faabda602a.rmeta --extern http_body_util=/opt/rustwide/target/debug/build/http-body-util/3d3c6b87d1c1b8e3/out/libhttp_body_util-3d3c6b87d1c1b8e3.rmeta --extern hyper=/opt/rustwide/target/debug/build/hyper/db32cbf0d1f82f7a/out/libhyper-db32cbf0d1f82f7a.rmeta --extern hyper_util=/opt/rustwide/target/debug/build/hyper-util/3e08716b838b4b6e/out/libhyper_util-3e08716b838b4b6e.rmeta --extern itoa=/opt/rustwide/target/debug/build/itoa/c148da98164ab3e7/out/libitoa-c148da98164ab3e7.rmeta --extern matchit=/opt/rustwide/target/debug/build/matchit/ecf4a1cb1cb97dcb/out/libmatchit-ecf4a1cb1cb97dcb.rmeta --extern memchr=/opt/rustwide/target/debug/build/memchr/fb4600d09f30ee91/out/libmemchr-fb4600d09f30ee91.rmeta --extern mime=/opt/rustwide/target/debug/build/mime/5cbb622f1fbbcae0/out/libmime-5cbb622f1fbbcae0.rmeta --extern multer=/opt/rustwide/target/debug/build/multer/ba014a538317bad9/out/libmulter-ba014a538317bad9.rmeta --extern percent_encoding=/opt/rustwide/target/debug/build/percent-encoding/6bbdc4f4e067a1a8/out/libpercent_encoding-6bbdc4f4e067a1a8.rmeta --extern pin_project_lite=/opt/rustwide/target/debug/build/pin-project-lite/939ff28c23f518de/out/libpin_project_lite-939ff28c23f518de.rmeta --extern serde_core=/opt/rustwide/target/debug/build/serde_core/73cf335a457c0977/out/libserde_core-73cf335a457c0977.rmeta --extern serde_json=/opt/rustwide/target/debug/build/serde_json/41ca97cec33d0790/out/libserde_json-41ca97cec33d0790.rmeta --extern serde_path_to_error=/opt/rustwide/target/debug/build/serde_path_to_error/0d8aa953f52c5b88/out/libserde_path_to_error-0d8aa953f52c5b88.rmeta --extern serde_urlencoded=/opt/rustwide/target/debug/build/serde_urlencoded/e325b41690a4d490/out/libserde_urlencoded-e325b41690a4d490.rmeta --extern sync_wrapper=/opt/rustwide/target/debug/build/sync_wrapper/0bfd6b6b23a3fef5/out/libsync_wrapper-0bfd6b6b23a3fef5.rmeta --extern tokio=/opt/rustwide/target/debug/build/tokio/85977855296fe5ac/out/libtokio-85977855296fe5ac.rmeta --extern tower=/opt/rustwide/target/debug/build/tower/d74d13062ef93290/out/libtower-d74d13062ef93290.rmeta --extern tower_layer=/opt/rustwide/target/debug/build/tower-layer/713134b990606739/out/libtower_layer-713134b990606739.rmeta --extern tower_service=/opt/rustwide/target/debug/build/tower-service/662bcea8364ef4e8/out/libtower_service-662bcea8364ef4e8.rmeta --extern tracing=/opt/rustwide/target/debug/build/tracing/7e49751d8c6b494f/out/libtracing-7e49751d8c6b494f.rmeta --cap-lints allow --cap-lints=forbid --cfg crater_hack --force-warn invalid-c-variadic-arguments --force-warn=unused_crate_dependencies` (signal: 9, SIGKILL: kill)
[INFO] [stderr] warning: build failed, waiting for other jobs to finish...
[INFO] [stderr] error: failed to run custom build command for `whisper-rs-sys v0.15.0`
[INFO] [stderr] note: To improve backtraces for build dependencies, set the CARGO_PROFILE_DEV_BUILD_OVERRIDE_DEBUG=true environment variable to enable debug information generation.
[INFO] [stderr] 
[INFO] [stderr] Caused by:
[INFO] [stderr]   process didn't exit successfully: `/opt/rustwide/target/debug/build/whisper-rs-sys/a9588c4f7d006d39/out/build_script_build` (exit status: 101)
[INFO] [stderr]   --- stdout
[INFO] [stderr]   cargo:rustc-link-lib=dylib=stdc++
[INFO] [stderr]   cargo:rerun-if-changed=wrapper.h
[INFO] [stderr]   cargo:rerun-if-env-changed=TARGET
[INFO] [stderr]   cargo:rerun-if-env-changed=BINDGEN_EXTRA_CLANG_ARGS_x86_64-unknown-linux-gnu
[INFO] [stderr]   cargo:rerun-if-env-changed=BINDGEN_EXTRA_CLANG_ARGS_x86_64_unknown_linux_gnu
[INFO] [stderr]   cargo:rerun-if-env-changed=BINDGEN_EXTRA_CLANG_ARGS
[INFO] [stderr]   cargo:rerun-if-changed=wrapper.h
[INFO] [stderr]   cargo:rerun-if-changed=./whisper.cpp/include/whisper.h
[INFO] [stderr]   cargo:rerun-if-changed=./whisper.cpp/ggml/include/ggml.h
[INFO] [stderr]   cargo:rerun-if-changed=/usr/lib/llvm-21/lib/clang/21/include/stdbool.h
[INFO] [stderr]   cargo:rerun-if-changed=/usr/lib/llvm-21/lib/clang/21/include/stddef.h
[INFO] [stderr]   cargo:rerun-if-changed=/usr/lib/llvm-21/lib/clang/21/include/__stddef_header_macro.h
[INFO] [stderr]   cargo:rerun-if-changed=/usr/lib/llvm-21/lib/clang/21/include/__stddef_ptrdiff_t.h
[INFO] [stderr]   cargo:rerun-if-changed=/usr/lib/llvm-21/lib/clang/21/include/__stddef_size_t.h
[INFO] [stderr]   cargo:rerun-if-changed=/usr/lib/llvm-21/lib/clang/21/include/__stddef_wchar_t.h
[INFO] [stderr]   cargo:rerun-if-changed=/usr/lib/llvm-21/lib/clang/21/include/__stddef_null.h
[INFO] [stderr]   cargo:rerun-if-changed=/usr/lib/llvm-21/lib/clang/21/include/__stddef_max_align_t.h
[INFO] [stderr]   cargo:rerun-if-changed=/usr/lib/llvm-21/lib/clang/21/include/__stddef_offsetof.h
[INFO] [stderr]   cargo:rerun-if-changed=/usr/lib/llvm-21/lib/clang/21/include/stdint.h
[INFO] [stderr]   cargo:rerun-if-changed=/usr/include/stdint.h
[INFO] [stderr]   cargo:rerun-if-changed=/usr/include/x86_64-linux-gnu/bits/libc-header-start.h
[INFO] [stderr]   cargo:rerun-if-changed=/usr/include/features.h
[INFO] [stderr]   cargo:rerun-if-changed=/usr/include/features-time64.h
[INFO] [stderr]   cargo:rerun-if-changed=/usr/include/x86_64-linux-gnu/bits/wordsize.h
[INFO] [stderr]   cargo:rerun-if-changed=/usr/include/x86_64-linux-gnu/bits/timesize.h
[INFO] [stderr]   cargo:rerun-if-changed=/usr/include/x86_64-linux-gnu/bits/wordsize.h
[INFO] [stderr]   cargo:rerun-if-changed=/usr/include/stdc-predef.h
[INFO] [stderr]   cargo:rerun-if-changed=/usr/include/x86_64-linux-gnu/sys/cdefs.h
[INFO] [stderr]   cargo:rerun-if-changed=/usr/include/x86_64-linux-gnu/bits/wordsize.h
[INFO] [stderr]   cargo:rerun-if-changed=/usr/include/x86_64-linux-gnu/bits/long-double.h
[INFO] [stderr]   cargo:rerun-if-changed=/usr/include/x86_64-linux-gnu/gnu/stubs.h
[INFO] [stderr]   cargo:rerun-if-changed=/usr/include/x86_64-linux-gnu/gnu/stubs-64.h
[INFO] [stderr]   cargo:rerun-if-changed=/usr/include/x86_64-linux-gnu/bits/types.h
[INFO] [stderr]   cargo:rerun-if-changed=/usr/include/features.h
[INFO] [stderr]   cargo:rerun-if-changed=/usr/include/x86_64-linux-gnu/bits/wordsize.h
[INFO] [stderr]   cargo:rerun-if-changed=/usr/include/x86_64-linux-gnu/bits/timesize.h
[INFO] [stderr]   cargo:rerun-if-changed=/usr/include/x86_64-linux-gnu/bits/wordsize.h
[INFO] [stderr]   cargo:rerun-if-changed=/usr/include/x86_64-linux-gnu/bits/typesizes.h
[INFO] [stderr]   cargo:rerun-if-changed=/usr/include/x86_64-linux-gnu/bits/time64.h
[INFO] [stderr]   cargo:rerun-if-changed=/usr/include/x86_64-linux-gnu/bits/wchar.h
[INFO] [stderr]   cargo:rerun-if-changed=/usr/include/x86_64-linux-gnu/bits/wordsize.h
[INFO] [stderr]   cargo:rerun-if-changed=/usr/include/x86_64-linux-gnu/bits/stdint-intn.h
[INFO] [stderr]   cargo:rerun-if-changed=/usr/include/x86_64-linux-gnu/bits/types.h
[INFO] [stderr]   cargo:rerun-if-changed=/usr/include/x86_64-linux-gnu/bits/stdint-uintn.h
[INFO] [stderr]   cargo:rerun-if-changed=/usr/include/x86_64-linux-gnu/bits/types.h
[INFO] [stderr]   cargo:rerun-if-changed=/usr/include/x86_64-linux-gnu/bits/stdint-least.h
[INFO] [stderr]   cargo:rerun-if-changed=/usr/include/x86_64-linux-gnu/bits/types.h
[INFO] [stderr]   cargo:rerun-if-changed=/usr/include/stdio.h
[INFO] [stderr]   cargo:rerun-if-changed=/usr/include/x86_64-linux-gnu/bits/libc-header-start.h
[INFO] [stderr]   cargo:rerun-if-changed=/usr/include/features.h
[INFO] [stderr]   cargo:rerun-if-changed=/usr/lib/llvm-21/lib/clang/21/include/stddef.h
[INFO] [stderr]   cargo:rerun-if-changed=/usr/lib/llvm-21/lib/clang/21/include/__stddef_size_t.h
[INFO] [stderr]   cargo:rerun-if-changed=/usr/lib/llvm-21/lib/clang/21/include/__stddef_null.h
[INFO] [stderr]   cargo:rerun-if-changed=/usr/lib/llvm-21/lib/clang/21/include/stdarg.h
[INFO] [stderr]   cargo:rerun-if-changed=/usr/lib/llvm-21/lib/clang/21/include/__stdarg___gnuc_va_list.h
[INFO] [stderr]   cargo:rerun-if-changed=/usr/include/x86_64-linux-gnu/bits/types.h
[INFO] [stderr]   cargo:rerun-if-changed=/usr/include/x86_64-linux-gnu/bits/types/__fpos_t.h
[INFO] [stderr]   cargo:rerun-if-changed=/usr/include/x86_64-linux-gnu/bits/types.h
[INFO] [stderr]   cargo:rerun-if-changed=/usr/include/x86_64-linux-gnu/bits/types/__mbstate_t.h
[INFO] [stderr]   cargo:rerun-if-changed=/usr/include/x86_64-linux-gnu/bits/types/__fpos64_t.h
[INFO] [stderr]   cargo:rerun-if-changed=/usr/include/x86_64-linux-gnu/bits/types.h
[INFO] [stderr]   cargo:rerun-if-changed=/usr/include/x86_64-linux-gnu/bits/types/__mbstate_t.h
[INFO] [stderr]   cargo:rerun-if-changed=/usr/include/x86_64-linux-gnu/bits/types/__FILE.h
[INFO] [stderr]   cargo:rerun-if-changed=/usr/include/x86_64-linux-gnu/bits/types/FILE.h
[INFO] [stderr]   cargo:rerun-if-changed=/usr/include/x86_64-linux-gnu/bits/types/struct_FILE.h
[INFO] [stderr]   cargo:rerun-if-changed=/usr/include/x86_64-linux-gnu/bits/types.h
[INFO] [stderr]   cargo:rerun-if-changed=/usr/include/x86_64-linux-gnu/bits/wordsize.h
[INFO] [stderr]   cargo:rerun-if-changed=/usr/include/x86_64-linux-gnu/bits/types/cookie_io_functions_t.h
[INFO] [stderr]   cargo:rerun-if-changed=/usr/include/x86_64-linux-gnu/bits/types.h
[INFO] [stderr]   cargo:rerun-if-changed=/usr/include/x86_64-linux-gnu/bits/stdio_lim.h
[INFO] [stderr]   cargo:rerun-if-changed=/usr/include/x86_64-linux-gnu/bits/floatn.h
[INFO] [stderr]   cargo:rerun-if-changed=/usr/include/features.h
[INFO] [stderr]   cargo:rerun-if-changed=/usr/include/x86_64-linux-gnu/bits/floatn-common.h
[INFO] [stderr]   cargo:rerun-if-changed=/usr/include/features.h
[INFO] [stderr]   cargo:rerun-if-changed=/usr/include/x86_64-linux-gnu/bits/long-double.h
[INFO] [stderr]   cargo:rerun-if-changed=./whisper.cpp/ggml/include/ggml-cpu.h
[INFO] [stderr]   cargo:rerun-if-changed=./whisper.cpp/ggml/include/ggml.h
[INFO] [stderr]   cargo:rerun-if-changed=./whisper.cpp/ggml/include/ggml-backend.h
[INFO] [stderr]   cargo:rerun-if-changed=./whisper.cpp/ggml/include/ggml.h
[INFO] [stderr]   cargo:rerun-if-changed=./whisper.cpp/ggml/include/ggml-alloc.h
[INFO] [stderr]   cargo:rerun-if-changed=./whisper.cpp/ggml/include/ggml.h
[INFO] [stderr]   cargo:rerun-if-changed=/usr/lib/llvm-21/lib/clang/21/include/stddef.h
[INFO] [stderr]   cargo:rerun-if-changed=/usr/lib/llvm-21/lib/clang/21/include/__stddef_header_macro.h
[INFO] [stderr]   cargo:rerun-if-changed=/usr/lib/llvm-21/lib/clang/21/include/__stddef_ptrdiff_t.h
[INFO] [stderr]   cargo:rerun-if-changed=/usr/lib/llvm-21/lib/clang/21/include/__stddef_size_t.h
[INFO] [stderr]   cargo:rerun-if-changed=/usr/lib/llvm-21/lib/clang/21/include/__stddef_wchar_t.h
[INFO] [stderr]   cargo:rerun-if-changed=/usr/lib/llvm-21/lib/clang/21/include/__stddef_max_align_t.h
[INFO] [stderr]   cargo:rerun-if-changed=/usr/lib/llvm-21/lib/clang/21/include/__stddef_offsetof.h
[INFO] [stderr]   cargo:rerun-if-changed=/usr/lib/llvm-21/lib/clang/21/include/stdint.h
[INFO] [stderr]   cargo:rerun-if-changed=/usr/lib/llvm-21/lib/clang/21/include/stdbool.h
[INFO] [stderr]   cargo:rerun-if-changed=./whisper.cpp/ggml/include/ggml.h
[INFO] [stderr]   CMAKE_TOOLCHAIN_FILE_x86_64-unknown-linux-gnu = None
[INFO] [stderr]   CMAKE_TOOLCHAIN_FILE_x86_64_unknown_linux_gnu = None
[INFO] [stderr]   HOST_CMAKE_TOOLCHAIN_FILE = None
[INFO] [stderr]   CMAKE_TOOLCHAIN_FILE = None
[INFO] [stderr]   CMAKE_GENERATOR_x86_64-unknown-linux-gnu = None
[INFO] [stderr]   CMAKE_GENERATOR_x86_64_unknown_linux_gnu = None
[INFO] [stderr]   HOST_CMAKE_GENERATOR = None
[INFO] [stderr]   CMAKE_GENERATOR = None
[INFO] [stderr]   CMAKE_PREFIX_PATH_x86_64-unknown-linux-gnu = None
[INFO] [stderr]   CMAKE_PREFIX_PATH_x86_64_unknown_linux_gnu = None
[INFO] [stderr]   HOST_CMAKE_PREFIX_PATH = None
[INFO] [stderr]   CMAKE_PREFIX_PATH = None
[INFO] [stderr]   CMAKE_x86_64-unknown-linux-gnu = None
[INFO] [stderr]   CMAKE_x86_64_unknown_linux_gnu = None
[INFO] [stderr]   HOST_CMAKE = None
[INFO] [stderr]   CMAKE = None
[INFO] [stderr]   Running with debug output on.
[INFO] [stderr]   -- The C compiler identification is GNU 15.2.0
[INFO] [stderr]      Called from: [3]	/opt/rustwide/target/debug/build/whisper-rs-sys/f3686aed23ab6a2d/out/whisper.cpp/CMakeLists.txt
[INFO] [stderr]                   [2]	/usr/share/cmake-4.2/Modules/CMakeDetermineCCompiler.cmake
[INFO] [stderr]                   [1]	/usr/share/cmake-4.2/Modules/CMakeDetermineCompilerId.cmake
[INFO] [stderr]   -- The CXX compiler identification is GNU 15.2.0
[INFO] [stderr]      Called from: [3]	/opt/rustwide/target/debug/build/whisper-rs-sys/f3686aed23ab6a2d/out/whisper.cpp/CMakeLists.txt
[INFO] [stderr]                   [2]	/usr/share/cmake-4.2/Modules/CMakeDetermineCXXCompiler.cmake
[INFO] [stderr]                   [1]	/usr/share/cmake-4.2/Modules/CMakeDetermineCompilerId.cmake
[INFO] [stderr]   -- Detecting C compiler ABI info
[INFO] [stderr]      Called from: [3]	/opt/rustwide/target/debug/build/whisper-rs-sys/f3686aed23ab6a2d/out/whisper.cpp/CMakeLists.txt
[INFO] [stderr]                   [2]	/usr/share/cmake-4.2/Modules/CMakeTestCCompiler.cmake
[INFO] [stderr]                   [1]	/usr/share/cmake-4.2/Modules/CMakeDetermineCompilerABI.cmake
[INFO] [stderr]   -- Detecting C compiler ABI info - done
[INFO] [stderr]      Called from: [3]	/opt/rustwide/target/debug/build/whisper-rs-sys/f3686aed23ab6a2d/out/whisper.cpp/CMakeLists.txt
[INFO] [stderr]                   [2]	/usr/share/cmake-4.2/Modules/CMakeTestCCompiler.cmake
[INFO] [stderr]                   [1]	/usr/share/cmake-4.2/Modules/CMakeDetermineCompilerABI.cmake
[INFO] [stderr]   -- Check for working C compiler: /usr/bin/cc - skipped
[INFO] [stderr]      Called from: [2]	/opt/rustwide/target/debug/build/whisper-rs-sys/f3686aed23ab6a2d/out/whisper.cpp/CMakeLists.txt
[INFO] [stderr]                   [1]	/usr/share/cmake-4.2/Modules/CMakeTestCCompiler.cmake
[INFO] [stderr]   -- Detecting C compile features
[INFO] [stderr]      Called from: [3]	/opt/rustwide/target/debug/build/whisper-rs-sys/f3686aed23ab6a2d/out/whisper.cpp/CMakeLists.txt
[INFO] [stderr]                   [2]	/usr/share/cmake-4.2/Modules/CMakeTestCCompiler.cmake
[INFO] [stderr]                   [1]	/usr/share/cmake-4.2/Modules/CMakeDetermineCompilerSupport.cmake
[INFO] [stderr]   -- Detecting C compile features - done
[INFO] [stderr]      Called from: [3]	/opt/rustwide/target/debug/build/whisper-rs-sys/f3686aed23ab6a2d/out/whisper.cpp/CMakeLists.txt
[INFO] [stderr]                   [2]	/usr/share/cmake-4.2/Modules/CMakeTestCCompiler.cmake
[INFO] [stderr]                   [1]	/usr/share/cmake-4.2/Modules/CMakeDetermineCompilerSupport.cmake
[INFO] [stderr]   -- Detecting CXX compiler ABI info
[INFO] [stderr]      Called from: [3]	/opt/rustwide/target/debug/build/whisper-rs-sys/f3686aed23ab6a2d/out/whisper.cpp/CMakeLists.txt
[INFO] [stderr]                   [2]	/usr/share/cmake-4.2/Modules/CMakeTestCXXCompiler.cmake
[INFO] [stderr]                   [1]	/usr/share/cmake-4.2/Modules/CMakeDetermineCompilerABI.cmake
[INFO] [stderr]   -- Detecting CXX compiler ABI info - done
[INFO] [stderr]      Called from: [3]	/opt/rustwide/target/debug/build/whisper-rs-sys/f3686aed23ab6a2d/out/whisper.cpp/CMakeLists.txt
[INFO] [stderr]                   [2]	/usr/share/cmake-4.2/Modules/CMakeTestCXXCompiler.cmake
[INFO] [stderr]                   [1]	/usr/share/cmake-4.2/Modules/CMakeDetermineCompilerABI.cmake
[INFO] [stderr]   -- Check for working CXX compiler: /usr/bin/c++ - skipped
[INFO] [stderr]      Called from: [2]	/opt/rustwide/target/debug/build/whisper-rs-sys/f3686aed23ab6a2d/out/whisper.cpp/CMakeLists.txt
[INFO] [stderr]                   [1]	/usr/share/cmake-4.2/Modules/CMakeTestCXXCompiler.cmake
[INFO] [stderr]   -- Detecting CXX compile features
[INFO] [stderr]      Called from: [3]	/opt/rustwide/target/debug/build/whisper-rs-sys/f3686aed23ab6a2d/out/whisper.cpp/CMakeLists.txt
[INFO] [stderr]                   [2]	/usr/share/cmake-4.2/Modules/CMakeTestCXXCompiler.cmake
[INFO] [stderr]                   [1]	/usr/share/cmake-4.2/Modules/CMakeDetermineCompilerSupport.cmake
[INFO] [stderr]   -- Detecting CXX compile features - done
[INFO] [stderr]      Called from: [3]	/opt/rustwide/target/debug/build/whisper-rs-sys/f3686aed23ab6a2d/out/whisper.cpp/CMakeLists.txt
[INFO] [stderr]                   [2]	/usr/share/cmake-4.2/Modules/CMakeTestCXXCompiler.cmake
[INFO] [stderr]                   [1]	/usr/share/cmake-4.2/Modules/CMakeDetermineCompilerSupport.cmake
[INFO] [stderr]   -- Found Git: /usr/bin/git (found version "2.53.0")
[INFO] [stderr]      Called from: [5]	/opt/rustwide/target/debug/build/whisper-rs-sys/f3686aed23ab6a2d/out/whisper.cpp/CMakeLists.txt
[INFO] [stderr]                   [4]	/opt/rustwide/target/debug/build/whisper-rs-sys/f3686aed23ab6a2d/out/whisper.cpp/cmake/git-vars.cmake
[INFO] [stderr]                   [3]	/usr/share/cmake-4.2/Modules/FindGit.cmake
[INFO] [stderr]                   [2]	/usr/share/cmake-4.2/Modules/FindPackageHandleStandardArgs.cmake
[INFO] [stderr]                   [1]	/usr/share/cmake-4.2/Modules/FindPackageMessage.cmake
[INFO] [stderr]   -- The ASM compiler identification is GNU
[INFO] [stderr]      Called from: [2]	/opt/rustwide/target/debug/build/whisper-rs-sys/f3686aed23ab6a2d/out/whisper.cpp/ggml/CMakeLists.txt
[INFO] [stderr]                   [1]	/usr/share/cmake-4.2/Modules/CMakeDetermineASMCompiler.cmake
[INFO] [stderr]   -- Found assembler: /usr/bin/cc
[INFO] [stderr]      Called from: [2]	/opt/rustwide/target/debug/build/whisper-rs-sys/f3686aed23ab6a2d/out/whisper.cpp/ggml/CMakeLists.txt
[INFO] [stderr]                   [1]	/usr/share/cmake-4.2/Modules/CMakeDetermineASMCompiler.cmake
[INFO] [stderr]   -- Performing Test CMAKE_HAVE_LIBC_PTHREAD
[INFO] [stderr]      Called from: [5]	/opt/rustwide/target/debug/build/whisper-rs-sys/f3686aed23ab6a2d/out/whisper.cpp/ggml/CMakeLists.txt
[INFO] [stderr]                   [4]	/usr/share/cmake-4.2/Modules/FindThreads.cmake
[INFO] [stderr]                   [3]	/usr/share/cmake-4.2/Modules/FindThreads.cmake
[INFO] [stderr]                   [2]	/usr/share/cmake-4.2/Modules/CheckCSourceCompiles.cmake
[INFO] [stderr]                   [1]	/usr/share/cmake-4.2/Modules/Internal/CheckSourceCompiles.cmake
[INFO] [stderr]   -- Performing Test CMAKE_HAVE_LIBC_PTHREAD - Success
[INFO] [stderr]      Called from: [5]	/opt/rustwide/target/debug/build/whisper-rs-sys/f3686aed23ab6a2d/out/whisper.cpp/ggml/CMakeLists.txt
[INFO] [stderr]                   [4]	/usr/share/cmake-4.2/Modules/FindThreads.cmake
[INFO] [stderr]                   [3]	/usr/share/cmake-4.2/Modules/FindThreads.cmake
[INFO] [stderr]                   [2]	/usr/share/cmake-4.2/Modules/CheckCSourceCompiles.cmake
[INFO] [stderr]                   [1]	/usr/share/cmake-4.2/Modules/Internal/CheckSourceCompiles.cmake
[INFO] [stderr]   -- Found Threads: TRUE
[INFO] [stderr]      Called from: [4]	/opt/rustwide/target/debug/build/whisper-rs-sys/f3686aed23ab6a2d/out/whisper.cpp/ggml/CMakeLists.txt
[INFO] [stderr]                   [3]	/usr/share/cmake-4.2/Modules/FindThreads.cmake
[INFO] [stderr]                   [2]	/usr/share/cmake-4.2/Modules/FindPackageHandleStandardArgs.cmake
[INFO] [stderr]                   [1]	/usr/share/cmake-4.2/Modules/FindPackageMessage.cmake
[INFO] [stderr]   -- Warning: ccache not found - consider installing it for faster compilation or disable this warning with GGML_CCACHE=OFF
[INFO] [stderr]      Called from: [1]	/opt/rustwide/target/debug/build/whisper-rs-sys/f3686aed23ab6a2d/out/whisper.cpp/ggml/src/CMakeLists.txt
[INFO] [stderr]   -- CMAKE_SYSTEM_PROCESSOR: x86_64
[INFO] [stderr]      Called from: [1]	/opt/rustwide/target/debug/build/whisper-rs-sys/f3686aed23ab6a2d/out/whisper.cpp/ggml/src/CMakeLists.txt
[INFO] [stderr]   -- GGML_SYSTEM_ARCH: x86
[INFO] [stderr]      Called from: [1]	/opt/rustwide/target/debug/build/whisper-rs-sys/f3686aed23ab6a2d/out/whisper.cpp/ggml/src/CMakeLists.txt
[INFO] [stderr]   -- Including CPU backend
[INFO] [stderr]      Called from: [2]	/opt/rustwide/target/debug/build/whisper-rs-sys/f3686aed23ab6a2d/out/whisper.cpp/ggml/src/CMakeLists.txt
[INFO] [stderr]                   [1]	/opt/rustwide/target/debug/build/whisper-rs-sys/f3686aed23ab6a2d/out/whisper.cpp/ggml/src/CMakeLists.txt
[INFO] [stderr]   -- x86 detected
[INFO] [stderr]      Called from: [2]	/opt/rustwide/target/debug/build/whisper-rs-sys/f3686aed23ab6a2d/out/whisper.cpp/ggml/src/CMakeLists.txt
[INFO] [stderr]                   [1]	/opt/rustwide/target/debug/build/whisper-rs-sys/f3686aed23ab6a2d/out/whisper.cpp/ggml/src/ggml-cpu/CMakeLists.txt
[INFO] [stderr]   -- Adding CPU backend variant ggml-cpu: -march=native 
[INFO] [stderr]      Called from: [2]	/opt/rustwide/target/debug/build/whisper-rs-sys/f3686aed23ab6a2d/out/whisper.cpp/ggml/src/CMakeLists.txt
[INFO] [stderr]                   [1]	/opt/rustwide/target/debug/build/whisper-rs-sys/f3686aed23ab6a2d/out/whisper.cpp/ggml/src/ggml-cpu/CMakeLists.txt
[INFO] [stderr]   -- ggml version: 0.9.5
[INFO] [stderr]      Called from: [1]	/opt/rustwide/target/debug/build/whisper-rs-sys/f3686aed23ab6a2d/out/whisper.cpp/ggml/CMakeLists.txt
[INFO] [stderr]   -- ggml commit:  unknown
[INFO] [stderr]      Called from: [1]	/opt/rustwide/target/debug/build/whisper-rs-sys/f3686aed23ab6a2d/out/whisper.cpp/ggml/CMakeLists.txt
[INFO] [stderr]   -- Configuring done (2.0s)
[INFO] [stderr]   -- Generating /opt/rustwide/target/debug/build/whisper-rs-sys/f3686aed23ab6a2d/out/build
[INFO] [stderr]      Called from: [1]	/opt/rustwide/target/debug/build/whisper-rs-sys/f3686aed23ab6a2d/out/whisper.cpp/CMakeLists.txt
[INFO] [stderr]   -- Generating /opt/rustwide/target/debug/build/whisper-rs-sys/f3686aed23ab6a2d/out/build/ggml
[INFO] [stderr]      Called from: [1]	/opt/rustwide/target/debug/build/whisper-rs-sys/f3686aed23ab6a2d/out/whisper.cpp/ggml/CMakeLists.txt
[INFO] [stderr]   -- Generating /opt/rustwide/target/debug/build/whisper-rs-sys/f3686aed23ab6a2d/out/build/ggml/src
[INFO] [stderr]      Called from: [1]	/opt/rustwide/target/debug/build/whisper-rs-sys/f3686aed23ab6a2d/out/whisper.cpp/ggml/src/CMakeLists.txt
[INFO] [stderr]   -- Generating /opt/rustwide/target/debug/build/whisper-rs-sys/f3686aed23ab6a2d/out/build/ggml/src/ggml-cpu
[INFO] [stderr]      Called from: [1]	/opt/rustwide/target/debug/build/whisper-rs-sys/f3686aed23ab6a2d/out/whisper.cpp/ggml/src/ggml-cpu/CMakeLists.txt
[INFO] [stderr]   -- Generating /opt/rustwide/target/debug/build/whisper-rs-sys/f3686aed23ab6a2d/out/build/src
[INFO] [stderr]      Called from: [1]	/opt/rustwide/target/debug/build/whisper-rs-sys/f3686aed23ab6a2d/out/whisper.cpp/src/CMakeLists.txt
[INFO] [stderr]   -- Generating done (0.1s)
[INFO] [stderr]   -- Build files have been written to: /opt/rustwide/target/debug/build/whisper-rs-sys/f3686aed23ab6a2d/out/build
[INFO] [stderr]   Change Dir: '/opt/rustwide/target/debug/build/whisper-rs-sys/f3686aed23ab6a2d/out/build'
[INFO] [stderr] 
[INFO] [stderr]   Run Build Command(s): /usr/bin/cmake -E env VERBOSE=1 /usr/bin/gmake -f Makefile install
[INFO] [stderr]   /usr/bin/cmake -S/opt/rustwide/target/debug/build/whisper-rs-sys/f3686aed23ab6a2d/out/whisper.cpp -B/opt/rustwide/target/debug/build/whisper-rs-sys/f3686aed23ab6a2d/out/build --check-build-system CMakeFiles/Makefile.cmake 0
[INFO] [stderr]   /usr/bin/cmake -E cmake_progress_start /opt/rustwide/target/debug/build/whisper-rs-sys/f3686aed23ab6a2d/out/build/CMakeFiles /opt/rustwide/target/debug/build/whisper-rs-sys/f3686aed23ab6a2d/out/build//CMakeFiles/progress.marks
[INFO] [stderr]   /usr/bin/gmake  -f CMakeFiles/Makefile2 all
[INFO] [stderr]   gmake[1]: Entering directory '/opt/rustwide/target/debug/build/whisper-rs-sys/f3686aed23ab6a2d/out/build'
[INFO] [stderr]   /usr/bin/gmake  -f ggml/src/CMakeFiles/ggml-base.dir/build.make ggml/src/CMakeFiles/ggml-base.dir/depend
[INFO] [stderr]   gmake[2]: Entering directory '/opt/rustwide/target/debug/build/whisper-rs-sys/f3686aed23ab6a2d/out/build'
[INFO] [stderr]   cd /opt/rustwide/target/debug/build/whisper-rs-sys/f3686aed23ab6a2d/out/build && /usr/bin/cmake -E cmake_depends "Unix Makefiles" /opt/rustwide/target/debug/build/whisper-rs-sys/f3686aed23ab6a2d/out/whisper.cpp /opt/rustwide/target/debug/build/whisper-rs-sys/f3686aed23ab6a2d/out/whisper.cpp/ggml/src /opt/rustwide/target/debug/build/whisper-rs-sys/f3686aed23ab6a2d/out/build /opt/rustwide/target/debug/build/whisper-rs-sys/f3686aed23ab6a2d/out/build/ggml/src /opt/rustwide/target/debug/build/whisper-rs-sys/f3686aed23ab6a2d/out/build/ggml/src/CMakeFiles/ggml-base.dir/DependInfo.cmake "--color=" ggml-base
[INFO] [stderr]   gmake[2]: Leaving directory '/opt/rustwide/target/debug/build/whisper-rs-sys/f3686aed23ab6a2d/out/build'
[INFO] [stderr]   /usr/bin/gmake  -f ggml/src/CMakeFiles/ggml-base.dir/build.make ggml/src/CMakeFiles/ggml-base.dir/build
[INFO] [stderr]   gmake[2]: Entering directory '/opt/rustwide/target/debug/build/whisper-rs-sys/f3686aed23ab6a2d/out/build'
[INFO] [stderr]   [  3%] Building CXX object ggml/src/CMakeFiles/ggml-base.dir/ggml.cpp.o
[INFO] [stderr]   [  7%] Building C object ggml/src/CMakeFiles/ggml-base.dir/ggml.c.o
[INFO] [stderr]   [ 10%] Building C object ggml/src/CMakeFiles/ggml-base.dir/ggml-alloc.c.o
[INFO] [stderr]   cd /opt/rustwide/target/debug/build/whisper-rs-sys/f3686aed23ab6a2d/out/build/ggml/src && /usr/bin/cc -DGGML_COMMIT=\"unknown\" -DGGML_SCHED_MAX_COPIES=4 -DGGML_VERSION=\"0.9.5\" -D_GNU_SOURCE -D_XOPEN_SOURCE=600 -I/opt/rustwide/target/debug/build/whisper-rs-sys/f3686aed23ab6a2d/out/whisper.cpp/ggml/src/. -I/opt/rustwide/target/debug/build/whisper-rs-sys/f3686aed23ab6a2d/out/whisper.cpp/ggml/src/../include -ffunction-sections -fdata-sections -fPIC -m64 -w -O2 -g -DNDEBUG -std=gnu11 -MD -MT ggml/src/CMakeFiles/ggml-base.dir/ggml.c.o -MF CMakeFiles/ggml-base.dir/ggml.c.o.d -o CMakeFiles/ggml-base.dir/ggml.c.o -c /opt/rustwide/target/debug/build/whisper-rs-sys/f3686aed23ab6a2d/out/whisper.cpp/ggml/src/ggml.c
[INFO] [stderr]   cd /opt/rustwide/target/debug/build/whisper-rs-sys/f3686aed23ab6a2d/out/build/ggml/src && /usr/bin/c++ -DGGML_COMMIT=\"unknown\" -DGGML_SCHED_MAX_COPIES=4 -DGGML_VERSION=\"0.9.5\" -D_GNU_SOURCE -D_XOPEN_SOURCE=600 -I/opt/rustwide/target/debug/build/whisper-rs-sys/f3686aed23ab6a2d/out/whisper.cpp/ggml/src/. -I/opt/rustwide/target/debug/build/whisper-rs-sys/f3686aed23ab6a2d/out/whisper.cpp/ggml/src/../include -DWHISPER_DEBUG -ffunction-sections -fdata-sections -fPIC -m64 -w -O2 -g -DNDEBUG -std=gnu++17 -MD -MT ggml/src/CMakeFiles/ggml-base.dir/ggml.cpp.o -MF CMakeFiles/ggml-base.dir/ggml.cpp.o.d -o CMakeFiles/ggml-base.dir/ggml.cpp.o -c /opt/rustwide/target/debug/build/whisper-rs-sys/f3686aed23ab6a2d/out/whisper.cpp/ggml/src/ggml.cpp
[INFO] [stderr]   cd /opt/rustwide/target/debug/build/whisper-rs-sys/f3686aed23ab6a2d/out/build/ggml/src && /usr/bin/cc -DGGML_COMMIT=\"unknown\" -DGGML_SCHED_MAX_COPIES=4 -DGGML_VERSION=\"0.9.5\" -D_GNU_SOURCE -D_XOPEN_SOURCE=600 -I/opt/rustwide/target/debug/build/whisper-rs-sys/f3686aed23ab6a2d/out/whisper.cpp/ggml/src/. -I/opt/rustwide/target/debug/build/whisper-rs-sys/f3686aed23ab6a2d/out/whisper.cpp/ggml/src/../include -ffunction-sections -fdata-sections -fPIC -m64 -w -O2 -g -DNDEBUG -std=gnu11 -MD -MT ggml/src/CMakeFiles/ggml-base.dir/ggml-alloc.c.o -MF CMakeFiles/ggml-base.dir/ggml-alloc.c.o.d -o CMakeFiles/ggml-base.dir/ggml-alloc.c.o -c /opt/rustwide/target/debug/build/whisper-rs-sys/f3686aed23ab6a2d/out/whisper.cpp/ggml/src/ggml-alloc.c
[INFO] [stderr]   [ 14%] Building CXX object ggml/src/CMakeFiles/ggml-base.dir/ggml-backend.cpp.o
[INFO] [stderr]   [ 17%] Building CXX object ggml/src/CMakeFiles/ggml-base.dir/ggml-opt.cpp.o
[INFO] [stderr]   cd /opt/rustwide/target/debug/build/whisper-rs-sys/f3686aed23ab6a2d/out/build/ggml/src && /usr/bin/c++ -DGGML_COMMIT=\"unknown\" -DGGML_SCHED_MAX_COPIES=4 -DGGML_VERSION=\"0.9.5\" -D_GNU_SOURCE -D_XOPEN_SOURCE=600 -I/opt/rustwide/target/debug/build/whisper-rs-sys/f3686aed23ab6a2d/out/whisper.cpp/ggml/src/. -I/opt/rustwide/target/debug/build/whisper-rs-sys/f3686aed23ab6a2d/out/whisper.cpp/ggml/src/../include -DWHISPER_DEBUG -ffunction-sections -fdata-sections -fPIC -m64 -w -O2 -g -DNDEBUG -std=gnu++17 -MD -MT ggml/src/CMakeFiles/ggml-base.dir/ggml-backend.cpp.o -MF CMakeFiles/ggml-base.dir/ggml-backend.cpp.o.d -o CMakeFiles/ggml-base.dir/ggml-backend.cpp.o -c /opt/rustwide/target/debug/build/whisper-rs-sys/f3686aed23ab6a2d/out/whisper.cpp/ggml/src/ggml-backend.cpp
[INFO] [stderr]   cd /opt/rustwide/target/debug/build/whisper-rs-sys/f3686aed23ab6a2d/out/build/ggml/src && /usr/bin/c++ -DGGML_COMMIT=\"unknown\" -DGGML_SCHED_MAX_COPIES=4 -DGGML_VERSION=\"0.9.5\" -D_GNU_SOURCE -D_XOPEN_SOURCE=600 -I/opt/rustwide/target/debug/build/whisper-rs-sys/f3686aed23ab6a2d/out/whisper.cpp/ggml/src/. -I/opt/rustwide/target/debug/build/whisper-rs-sys/f3686aed23ab6a2d/out/whisper.cpp/ggml/src/../include -DWHISPER_DEBUG -ffunction-sections -fdata-sections -fPIC -m64 -w -O2 -g -DNDEBUG -std=gnu++17 -MD -MT ggml/src/CMakeFiles/ggml-base.dir/ggml-opt.cpp.o -MF CMakeFiles/ggml-base.dir/ggml-opt.cpp.o.d -o CMakeFiles/ggml-base.dir/ggml-opt.cpp.o -c /opt/rustwide/target/debug/build/whisper-rs-sys/f3686aed23ab6a2d/out/whisper.cpp/ggml/src/ggml-opt.cpp
[INFO] [stderr]   [ 25%] Building CXX object ggml/src/CMakeFiles/ggml-base.dir/ggml-threading.cpp.o
[INFO] [stderr]   [ 25%] Building C object ggml/src/CMakeFiles/ggml-base.dir/ggml-quants.c.o
[INFO] [stderr]   cd /opt/rustwide/target/debug/build/whisper-rs-sys/f3686aed23ab6a2d/out/build/ggml/src && /usr/bin/cc -DGGML_COMMIT=\"unknown\" -DGGML_SCHED_MAX_COPIES=4 -DGGML_VERSION=\"0.9.5\" -D_GNU_SOURCE -D_XOPEN_SOURCE=600 -I/opt/rustwide/target/debug/build/whisper-rs-sys/f3686aed23ab6a2d/out/whisper.cpp/ggml/src/. -I/opt/rustwide/target/debug/build/whisper-rs-sys/f3686aed23ab6a2d/out/whisper.cpp/ggml/src/../include -ffunction-sections -fdata-sections -fPIC -m64 -w -O2 -g -DNDEBUG -std=gnu11 -MD -MT ggml/src/CMakeFiles/ggml-base.dir/ggml-quants.c.o -MF CMakeFiles/ggml-base.dir/ggml-quants.c.o.d -o CMakeFiles/ggml-base.dir/ggml-quants.c.o -c /opt/rustwide/target/debug/build/whisper-rs-sys/f3686aed23ab6a2d/out/whisper.cpp/ggml/src/ggml-quants.c
[INFO] [stderr]   cd /opt/rustwide/target/debug/build/whisper-rs-sys/f3686aed23ab6a2d/out/build/ggml/src && /usr/bin/c++ -DGGML_COMMIT=\"unknown\" -DGGML_SCHED_MAX_COPIES=4 -DGGML_VERSION=\"0.9.5\" -D_GNU_SOURCE -D_XOPEN_SOURCE=600 -I/opt/rustwide/target/debug/build/whisper-rs-sys/f3686aed23ab6a2d/out/whisper.cpp/ggml/src/. -I/opt/rustwide/target/debug/build/whisper-rs-sys/f3686aed23ab6a2d/out/whisper.cpp/ggml/src/../include -DWHISPER_DEBUG -ffunction-sections -fdata-sections -fPIC -m64 -w -O2 -g -DNDEBUG -std=gnu++17 -MD -MT ggml/src/CMakeFiles/ggml-base.dir/ggml-threading.cpp.o -MF CMakeFiles/ggml-base.dir/ggml-threading.cpp.o.d -o CMakeFiles/ggml-base.dir/ggml-threading.cpp.o -c /opt/rustwide/target/debug/build/whisper-rs-sys/f3686aed23ab6a2d/out/whisper.cpp/ggml/src/ggml-threading.cpp
[INFO] [stderr]   [ 28%] Building CXX object ggml/src/CMakeFiles/ggml-base.dir/gguf.cpp.o
[INFO] [stderr]   cd /opt/rustwide/target/debug/build/whisper-rs-sys/f3686aed23ab6a2d/out/build/ggml/src && /usr/bin/c++ -DGGML_COMMIT=\"unknown\" -DGGML_SCHED_MAX_COPIES=4 -DGGML_VERSION=\"0.9.5\" -D_GNU_SOURCE -D_XOPEN_SOURCE=600 -I/opt/rustwide/target/debug/build/whisper-rs-sys/f3686aed23ab6a2d/out/whisper.cpp/ggml/src/. -I/opt/rustwide/target/debug/build/whisper-rs-sys/f3686aed23ab6a2d/out/whisper.cpp/ggml/src/../include -DWHISPER_DEBUG -ffunction-sections -fdata-sections -fPIC -m64 -w -O2 -g -DNDEBUG -std=gnu++17 -MD -MT ggml/src/CMakeFiles/ggml-base.dir/gguf.cpp.o -MF CMakeFiles/ggml-base.dir/gguf.cpp.o.d -o CMakeFiles/ggml-base.dir/gguf.cpp.o -c /opt/rustwide/target/debug/build/whisper-rs-sys/f3686aed23ab6a2d/out/whisper.cpp/ggml/src/gguf.cpp
[INFO] [stderr]   [ 32%] Linking CXX static library libggml-base.a
[INFO] [stderr]   cd /opt/rustwide/target/debug/build/whisper-rs-sys/f3686aed23ab6a2d/out/build/ggml/src && /usr/bin/cmake -P CMakeFiles/ggml-base.dir/cmake_clean_target.cmake
[INFO] [stderr]   cd /opt/rustwide/target/debug/build/whisper-rs-sys/f3686aed23ab6a2d/out/build/ggml/src && /usr/bin/cmake -E cmake_link_script CMakeFiles/ggml-base.dir/link.txt --verbose=1
[INFO] [stderr]   /usr/bin/ar qc libggml-base.a "CMakeFiles/ggml-base.dir/ggml.c.o" "CMakeFiles/ggml-base.dir/ggml.cpp.o" "CMakeFiles/ggml-base.dir/ggml-alloc.c.o" "CMakeFiles/ggml-base.dir/ggml-backend.cpp.o" "CMakeFiles/ggml-base.dir/ggml-opt.cpp.o" "CMakeFiles/ggml-base.dir/ggml-threading.cpp.o" "CMakeFiles/ggml-base.dir/ggml-quants.c.o" "CMakeFiles/ggml-base.dir/gguf.cpp.o"
[INFO] [stderr]   /usr/bin/ranlib libggml-base.a
[INFO] [stderr]   gmake[2]: Leaving directory '/opt/rustwide/target/debug/build/whisper-rs-sys/f3686aed23ab6a2d/out/build'
[INFO] [stderr]   [ 32%] Built target ggml-base
[INFO] [stderr]   /usr/bin/gmake  -f ggml/src/CMakeFiles/ggml-cpu.dir/build.make ggml/src/CMakeFiles/ggml-cpu.dir/depend
[INFO] [stderr]   gmake[2]: Entering directory '/opt/rustwide/target/debug/build/whisper-rs-sys/f3686aed23ab6a2d/out/build'
[INFO] [stderr]   cd /opt/rustwide/target/debug/build/whisper-rs-sys/f3686aed23ab6a2d/out/build && /usr/bin/cmake -E cmake_depends "Unix Makefiles" /opt/rustwide/target/debug/build/whisper-rs-sys/f3686aed23ab6a2d/out/whisper.cpp /opt/rustwide/target/debug/build/whisper-rs-sys/f3686aed23ab6a2d/out/whisper.cpp/ggml/src /opt/rustwide/target/debug/build/whisper-rs-sys/f3686aed23ab6a2d/out/build /opt/rustwide/target/debug/build/whisper-rs-sys/f3686aed23ab6a2d/out/build/ggml/src /opt/rustwide/target/debug/build/whisper-rs-sys/f3686aed23ab6a2d/out/build/ggml/src/CMakeFiles/ggml-cpu.dir/DependInfo.cmake "--color=" ggml-cpu
[INFO] [stderr]   gmake[2]: Leaving directory '/opt/rustwide/target/debug/build/whisper-rs-sys/f3686aed23ab6a2d/out/build'
[INFO] [stderr]   /usr/bin/gmake  -f ggml/src/CMakeFiles/ggml-cpu.dir/build.make ggml/src/CMakeFiles/ggml-cpu.dir/build
[INFO] [stderr]   gmake[2]: Entering directory '/opt/rustwide/target/debug/build/whisper-rs-sys/f3686aed23ab6a2d/out/build'
[INFO] [stderr]   [ 35%] Building CXX object ggml/src/CMakeFiles/ggml-cpu.dir/ggml-cpu/repack.cpp.o
[INFO] [stderr]   cd /opt/rustwide/target/debug/build/whisper-rs-sys/f3686aed23ab6a2d/out/build/ggml/src && /usr/bin/c++ -DGGML_SCHED_MAX_COPIES=4 -DGGML_USE_CPU_REPACK -D_GNU_SOURCE -D_XOPEN_SOURCE=600 -I/opt/rustwide/target/debug/build/whisper-rs-sys/f3686aed23ab6a2d/out/whisper.cpp/ggml/src/.. -I/opt/rustwide/target/debug/build/whisper-rs-sys/f3686aed23ab6a2d/out/whisper.cpp/ggml/src/. -I/opt/rustwide/target/debug/build/whisper-rs-sys/f3686aed23ab6a2d/out/whisper.cpp/ggml/src/ggml-cpu -I/opt/rustwide/target/debug/build/whisper-rs-sys/f3686aed23ab6a2d/out/whisper.cpp/ggml/src/../include -DWHISPER_DEBUG -ffunction-sections -fdata-sections -fPIC -m64 -w -O2 -g -DNDEBUG -std=gnu++17 -march=native -MD -MT ggml/src/CMakeFiles/ggml-cpu.dir/ggml-cpu/repack.cpp.o -MF CMakeFiles/ggml-cpu.dir/ggml-cpu/repack.cpp.o.d -o CMakeFiles/ggml-cpu.dir/ggml-cpu/repack.cpp.o -c /opt/rustwide/target/debug/build/whisper-rs-sys/f3686aed23ab6a2d/out/whisper.cpp/ggml/src/ggml-cpu/repack.cpp
[INFO] [stderr]   [ 39%] Building CXX object ggml/src/CMakeFiles/ggml-cpu.dir/ggml-cpu/hbm.cpp.o
[INFO] [stderr]   cd /opt/rustwide/target/debug/build/whisper-rs-sys/f3686aed23ab6a2d/out/build/ggml/src && /usr/bin/c++ -DGGML_SCHED_MAX_COPIES=4 -DGGML_USE_CPU_REPACK -D_GNU_SOURCE -D_XOPEN_SOURCE=600 -I/opt/rustwide/target/debug/build/whisper-rs-sys/f3686aed23ab6a2d/out/whisper.cpp/ggml/src/.. -I/opt/rustwide/target/debug/build/whisper-rs-sys/f3686aed23ab6a2d/out/whisper.cpp/ggml/src/. -I/opt/rustwide/target/debug/build/whisper-rs-sys/f3686aed23ab6a2d/out/whisper.cpp/ggml/src/ggml-cpu -I/opt/rustwide/target/debug/build/whisper-rs-sys/f3686aed23ab6a2d/out/whisper.cpp/ggml/src/../include -DWHISPER_DEBUG -ffunction-sections -fdata-sections -fPIC -m64 -w -O2 -g -DNDEBUG -std=gnu++17 -march=native -MD -MT ggml/src/CMakeFiles/ggml-cpu.dir/ggml-cpu/hbm.cpp.o -MF CMakeFiles/ggml-cpu.dir/ggml-cpu/hbm.cpp.o.d -o CMakeFiles/ggml-cpu.dir/ggml-cpu/hbm.cpp.o -c /opt/rustwide/target/debug/build/whisper-rs-sys/f3686aed23ab6a2d/out/whisper.cpp/ggml/src/ggml-cpu/hbm.cpp
[INFO] [stderr]   [ 42%] Building C object ggml/src/CMakeFiles/ggml-cpu.dir/ggml-cpu/ggml-cpu.c.o
[INFO] [stderr]   [ 46%] Building CXX object ggml/src/CMakeFiles/ggml-cpu.dir/ggml-cpu/ggml-cpu.cpp.o
[INFO] [stderr]   cd /opt/rustwide/target/debug/build/whisper-rs-sys/f3686aed23ab6a2d/out/build/ggml/src && /usr/bin/cc -DGGML_SCHED_MAX_COPIES=4 -DGGML_USE_CPU_REPACK -D_GNU_SOURCE -D_XOPEN_SOURCE=600 -I/opt/rustwide/target/debug/build/whisper-rs-sys/f3686aed23ab6a2d/out/whisper.cpp/ggml/src/.. -I/opt/rustwide/target/debug/build/whisper-rs-sys/f3686aed23ab6a2d/out/whisper.cpp/ggml/src/. -I/opt/rustwide/target/debug/build/whisper-rs-sys/f3686aed23ab6a2d/out/whisper.cpp/ggml/src/ggml-cpu -I/opt/rustwide/target/debug/build/whisper-rs-sys/f3686aed23ab6a2d/out/whisper.cpp/ggml/src/../include -ffunction-sections -fdata-sections -fPIC -m64 -w -O2 -g -DNDEBUG -std=gnu11 -march=native -MD -MT ggml/src/CMakeFiles/ggml-cpu.dir/ggml-cpu/ggml-cpu.c.o -MF CMakeFiles/ggml-cpu.dir/ggml-cpu/ggml-cpu.c.o.d -o CMakeFiles/ggml-cpu.dir/ggml-cpu/ggml-cpu.c.o -c /opt/rustwide/target/debug/build/whisper-rs-sys/f3686aed23ab6a2d/out/whisper.cpp/ggml/src/ggml-cpu/ggml-cpu.c
[INFO] [stderr]   cd /opt/rustwide/target/debug/build/whisper-rs-sys/f3686aed23ab6a2d/out/build/ggml/src && /usr/bin/c++ -DGGML_SCHED_MAX_COPIES=4 -DGGML_USE_CPU_REPACK -D_GNU_SOURCE -D_XOPEN_SOURCE=600 -I/opt/rustwide/target/debug/build/whisper-rs-sys/f3686aed23ab6a2d/out/whisper.cpp/ggml/src/.. -I/opt/rustwide/target/debug/build/whisper-rs-sys/f3686aed23ab6a2d/out/whisper.cpp/ggml/src/. -I/opt/rustwide/target/debug/build/whisper-rs-sys/f3686aed23ab6a2d/out/whisper.cpp/ggml/src/ggml-cpu -I/opt/rustwide/target/debug/build/whisper-rs-sys/f3686aed23ab6a2d/out/whisper.cpp/ggml/src/../include -DWHISPER_DEBUG -ffunction-sections -fdata-sections -fPIC -m64 -w -O2 -g -DNDEBUG -std=gnu++17 -march=native -MD -MT ggml/src/CMakeFiles/ggml-cpu.dir/ggml-cpu/ggml-cpu.cpp.o -MF CMakeFiles/ggml-cpu.dir/ggml-cpu/ggml-cpu.cpp.o.d -o CMakeFiles/ggml-cpu.dir/ggml-cpu/ggml-cpu.cpp.o -c /opt/rustwide/target/debug/build/whisper-rs-sys/f3686aed23ab6a2d/out/whisper.cpp/ggml/src/ggml-cpu/ggml-cpu.cpp
[INFO] [stderr]   [ 50%] Building CXX object ggml/src/CMakeFiles/ggml-cpu.dir/ggml-cpu/amx/amx.cpp.o
[INFO] [stderr]   [ 53%] Building C object ggml/src/CMakeFiles/ggml-cpu.dir/ggml-cpu/quants.c.o
[INFO] [stderr]   cd /opt/rustwide/target/debug/build/whisper-rs-sys/f3686aed23ab6a2d/out/build/ggml/src && /usr/bin/c++ -DGGML_SCHED_MAX_COPIES=4 -DGGML_USE_CPU_REPACK -D_GNU_SOURCE -D_XOPEN_SOURCE=600 -I/opt/rustwide/target/debug/build/whisper-rs-sys/f3686aed23ab6a2d/out/whisper.cpp/ggml/src/.. -I/opt/rustwide/target/debug/build/whisper-rs-sys/f3686aed23ab6a2d/out/whisper.cpp/ggml/src/. -I/opt/rustwide/target/debug/build/whisper-rs-sys/f3686aed23ab6a2d/out/whisper.cpp/ggml/src/ggml-cpu -I/opt/rustwide/target/debug/build/whisper-rs-sys/f3686aed23ab6a2d/out/whisper.cpp/ggml/src/../include -DWHISPER_DEBUG -ffunction-sections -fdata-sections -fPIC -m64 -w -O2 -g -DNDEBUG -std=gnu++17 -march=native -MD -MT ggml/src/CMakeFiles/ggml-cpu.dir/ggml-cpu/amx/amx.cpp.o -MF CMakeFiles/ggml-cpu.dir/ggml-cpu/amx/amx.cpp.o.d -o CMakeFiles/ggml-cpu.dir/ggml-cpu/amx/amx.cpp.o -c /opt/rustwide/target/debug/build/whisper-rs-sys/f3686aed23ab6a2d/out/whisper.cpp/ggml/src/ggml-cpu/amx/amx.cpp
[INFO] [stderr]   [ 57%] Building CXX object ggml/src/CMakeFiles/ggml-cpu.dir/ggml-cpu/traits.cpp.o
[INFO] [stderr]   cd /opt/rustwide/target/debug/build/whisper-rs-sys/f3686aed23ab6a2d/out/build/ggml/src && /usr/bin/c++ -DGGML_SCHED_MAX_COPIES=4 -DGGML_USE_CPU_REPACK -D_GNU_SOURCE -D_XOPEN_SOURCE=600 -I/opt/rustwide/target/debug/build/whisper-rs-sys/f3686aed23ab6a2d/out/whisper.cpp/ggml/src/.. -I/opt/rustwide/target/debug/build/whisper-rs-sys/f3686aed23ab6a2d/out/whisper.cpp/ggml/src/. -I/opt/rustwide/target/debug/build/whisper-rs-sys/f3686aed23ab6a2d/out/whisper.cpp/ggml/src/ggml-cpu -I/opt/rustwide/target/debug/build/whisper-rs-sys/f3686aed23ab6a2d/out/whisper.cpp/ggml/src/../include -DWHISPER_DEBUG -ffunction-sections -fdata-sections -fPIC -m64 -w -O2 -g -DNDEBUG -std=gnu++17 -march=native -MD -MT ggml/src/CMakeFiles/ggml-cpu.dir/ggml-cpu/traits.cpp.o -MF CMakeFiles/ggml-cpu.dir/ggml-cpu/traits.cpp.o.d -o CMakeFiles/ggml-cpu.dir/ggml-cpu/traits.cpp.o -c /opt/rustwide/target/debug/build/whisper-rs-sys/f3686aed23ab6a2d/out/whisper.cpp/ggml/src/ggml-cpu/traits.cpp
[INFO] [stderr]   cd /opt/rustwide/target/debug/build/whisper-rs-sys/f3686aed23ab6a2d/out/build/ggml/src && /usr/bin/cc -DGGML_SCHED_MAX_COPIES=4 -DGGML_USE_CPU_REPACK -D_GNU_SOURCE -D_XOPEN_SOURCE=600 -I/opt/rustwide/target/debug/build/whisper-rs-sys/f3686aed23ab6a2d/out/whisper.cpp/ggml/src/.. -I/opt/rustwide/target/debug/build/whisper-rs-sys/f3686aed23ab6a2d/out/whisper.cpp/ggml/src/. -I/opt/rustwide/target/debug/build/whisper-rs-sys/f3686aed23ab6a2d/out/whisper.cpp/ggml/src/ggml-cpu -I/opt/rustwide/target/debug/build/whisper-rs-sys/f3686aed23ab6a2d/out/whisper.cpp/ggml/src/../include -ffunction-sections -fdata-sections -fPIC -m64 -w -O2 -g -DNDEBUG -std=gnu11 -march=native -MD -MT ggml/src/CMakeFiles/ggml-cpu.dir/ggml-cpu/quants.c.o -MF CMakeFiles/ggml-cpu.dir/ggml-cpu/quants.c.o.d -o CMakeFiles/ggml-cpu.dir/ggml-cpu/quants.c.o -c /opt/rustwide/target/debug/build/whisper-rs-sys/f3686aed23ab6a2d/out/whisper.cpp/ggml/src/ggml-cpu/quants.c
[INFO] [stderr]   [ 60%] Building CXX object ggml/src/CMakeFiles/ggml-cpu.dir/ggml-cpu/amx/mmq.cpp.o
[INFO] [stderr]   cd /opt/rustwide/target/debug/build/whisper-rs-sys/f3686aed23ab6a2d/out/build/ggml/src && /usr/bin/c++ -DGGML_SCHED_MAX_COPIES=4 -DGGML_USE_CPU_REPACK -D_GNU_SOURCE -D_XOPEN_SOURCE=600 -I/opt/rustwide/target/debug/build/whisper-rs-sys/f3686aed23ab6a2d/out/whisper.cpp/ggml/src/.. -I/opt/rustwide/target/debug/build/whisper-rs-sys/f3686aed23ab6a2d/out/whisper.cpp/ggml/src/. -I/opt/rustwide/target/debug/build/whisper-rs-sys/f3686aed23ab6a2d/out/whisper.cpp/ggml/src/ggml-cpu -I/opt/rustwide/target/debug/build/whisper-rs-sys/f3686aed23ab6a2d/out/whisper.cpp/ggml/src/../include -DWHISPER_DEBUG -ffunction-sections -fdata-sections -fPIC -m64 -w -O2 -g -DNDEBUG -std=gnu++17 -march=native -MD -MT ggml/src/CMakeFiles/ggml-cpu.dir/ggml-cpu/amx/mmq.cpp.o -MF CMakeFiles/ggml-cpu.dir/ggml-cpu/amx/mmq.cpp.o.d -o CMakeFiles/ggml-cpu.dir/ggml-cpu/amx/mmq.cpp.o -c /opt/rustwide/target/debug/build/whisper-rs-sys/f3686aed23ab6a2d/out/whisper.cpp/ggml/src/ggml-cpu/amx/mmq.cpp
[INFO] [stderr]   [ 64%] Building CXX object ggml/src/CMakeFiles/ggml-cpu.dir/ggml-cpu/binary-ops.cpp.o
[INFO] [stderr]   cd /opt/rustwide/target/debug/build/whisper-rs-sys/f3686aed23ab6a2d/out/build/ggml/src && /usr/bin/c++ -DGGML_SCHED_MAX_COPIES=4 -DGGML_USE_CPU_REPACK -D_GNU_SOURCE -D_XOPEN_SOURCE=600 -I/opt/rustwide/target/debug/build/whisper-rs-sys/f3686aed23ab6a2d/out/whisper.cpp/ggml/src/.. -I/opt/rustwide/target/debug/build/whisper-rs-sys/f3686aed23ab6a2d/out/whisper.cpp/ggml/src/. -I/opt/rustwide/target/debug/build/whisper-rs-sys/f3686aed23ab6a2d/out/whisper.cpp/ggml/src/ggml-cpu -I/opt/rustwide/target/debug/build/whisper-rs-sys/f3686aed23ab6a2d/out/whisper.cpp/ggml/src/../include -DWHISPER_DEBUG -ffunction-sections -fdata-sections -fPIC -m64 -w -O2 -g -DNDEBUG -std=gnu++17 -march=native -MD -MT ggml/src/CMakeFiles/ggml-cpu.dir/ggml-cpu/binary-ops.cpp.o -MF CMakeFiles/ggml-cpu.dir/ggml-cpu/binary-ops.cpp.o.d -o CMakeFiles/ggml-cpu.dir/ggml-cpu/binary-ops.cpp.o -c /opt/rustwide/target/debug/build/whisper-rs-sys/f3686aed23ab6a2d/out/whisper.cpp/ggml/src/ggml-cpu/binary-ops.cpp
[INFO] [stderr]   [ 67%] Building CXX object ggml/src/CMakeFiles/ggml-cpu.dir/ggml-cpu/vec.cpp.o
[INFO] [stderr]   cd /opt/rustwide/target/debug/build/whisper-rs-sys/f3686aed23ab6a2d/out/build/ggml/src && /usr/bin/c++ -DGGML_SCHED_MAX_COPIES=4 -DGGML_USE_CPU_REPACK -D_GNU_SOURCE -D_XOPEN_SOURCE=600 -I/opt/rustwide/target/debug/build/whisper-rs-sys/f3686aed23ab6a2d/out/whisper.cpp/ggml/src/.. -I/opt/rustwide/target/debug/build/whisper-rs-sys/f3686aed23ab6a2d/out/whisper.cpp/ggml/src/. -I/opt/rustwide/target/debug/build/whisper-rs-sys/f3686aed23ab6a2d/out/whisper.cpp/ggml/src/ggml-cpu -I/opt/rustwide/target/debug/build/whisper-rs-sys/f3686aed23ab6a2d/out/whisper.cpp/ggml/src/../include -DWHISPER_DEBUG -ffunction-sections -fdata-sections -fPIC -m64 -w -O2 -g -DNDEBUG -std=gnu++17 -march=native -MD -MT ggml/src/CMakeFiles/ggml-cpu.dir/ggml-cpu/vec.cpp.o -MF CMakeFiles/ggml-cpu.dir/ggml-cpu/vec.cpp.o.d -o CMakeFiles/ggml-cpu.dir/ggml-cpu/vec.cpp.o -c /opt/rustwide/target/debug/build/whisper-rs-sys/f3686aed23ab6a2d/out/whisper.cpp/ggml/src/ggml-cpu/vec.cpp
[INFO] [stderr]   [ 71%] Building CXX object ggml/src/CMakeFiles/ggml-cpu.dir/ggml-cpu/unary-ops.cpp.o
[INFO] [stderr]   cd /opt/rustwide/target/debug/build/whisper-rs-sys/f3686aed23ab6a2d/out/build/ggml/src && /usr/bin/c++ -DGGML_SCHED_MAX_COPIES=4 -DGGML_USE_CPU_REPACK -D_GNU_SOURCE -D_XOPEN_SOURCE=600 -I/opt/rustwide/target/debug/build/whisper-rs-sys/f3686aed23ab6a2d/out/whisper.cpp/ggml/src/.. -I/opt/rustwide/target/debug/build/whisper-rs-sys/f3686aed23ab6a2d/out/whisper.cpp/ggml/src/. -I/opt/rustwide/target/debug/build/whisper-rs-sys/f3686aed23ab6a2d/out/whisper.cpp/ggml/src/ggml-cpu -I/opt/rustwide/target/debug/build/whisper-rs-sys/f3686aed23ab6a2d/out/whisper.cpp/ggml/src/../include -DWHISPER_DEBUG -ffunction-sections -fdata-sections -fPIC -m64 -w -O2 -g -DNDEBUG -std=gnu++17 -march=native -MD -MT ggml/src/CMakeFiles/ggml-cpu.dir/ggml-cpu/unary-ops.cpp.o -MF CMakeFiles/ggml-cpu.dir/ggml-cpu/unary-ops.cpp.o.d -o CMakeFiles/ggml-cpu.dir/ggml-cpu/unary-ops.cpp.o -c /opt/rustwide/target/debug/build/whisper-rs-sys/f3686aed23ab6a2d/out/whisper.cpp/ggml/src/ggml-cpu/unary-ops.cpp
[INFO] [stderr]   [ 75%] Building CXX object ggml/src/CMakeFiles/ggml-cpu.dir/ggml-cpu/ops.cpp.o
[INFO] [stderr]   cd /opt/rustwide/target/debug/build/whisper-rs-sys/f3686aed23ab6a2d/out/build/ggml/src && /usr/bin/c++ -DGGML_SCHED_MAX_COPIES=4 -DGGML_USE_CPU_REPACK -D_GNU_SOURCE -D_XOPEN_SOURCE=600 -I/opt/rustwide/target/debug/build/whisper-rs-sys/f3686aed23ab6a2d/out/whisper.cpp/ggml/src/.. -I/opt/rustwide/target/debug/build/whisper-rs-sys/f3686aed23ab6a2d/out/whisper.cpp/ggml/src/. -I/opt/rustwide/target/debug/build/whisper-rs-sys/f3686aed23ab6a2d/out/whisper.cpp/ggml/src/ggml-cpu -I/opt/rustwide/target/debug/build/whisper-rs-sys/f3686aed23ab6a2d/out/whisper.cpp/ggml/src/../include -DWHISPER_DEBUG -ffunction-sections -fdata-sections -fPIC -m64 -w -O2 -g -DNDEBUG -std=gnu++17 -march=native -MD -MT ggml/src/CMakeFiles/ggml-cpu.dir/ggml-cpu/ops.cpp.o -MF CMakeFiles/ggml-cpu.dir/ggml-cpu/ops.cpp.o.d -o CMakeFiles/ggml-cpu.dir/ggml-cpu/ops.cpp.o -c /opt/rustwide/target/debug/build/whisper-rs-sys/f3686aed23ab6a2d/out/whisper.cpp/ggml/src/ggml-cpu/ops.cpp
[INFO] [stderr]   [ 78%] Building C object ggml/src/CMakeFiles/ggml-cpu.dir/ggml-cpu/arch/x86/quants.c.o
[INFO] [stderr]   cd /opt/rustwide/target/debug/build/whisper-rs-sys/f3686aed23ab6a2d/out/build/ggml/src && /usr/bin/cc -DGGML_SCHED_MAX_COPIES=4 -DGGML_USE_CPU_REPACK -D_GNU_SOURCE -D_XOPEN_SOURCE=600 -I/opt/rustwide/target/debug/build/whisper-rs-sys/f3686aed23ab6a2d/out/whisper.cpp/ggml/src/.. -I/opt/rustwide/target/debug/build/whisper-rs-sys/f3686aed23ab6a2d/out/whisper.cpp/ggml/src/. -I/opt/rustwide/target/debug/build/whisper-rs-sys/f3686aed23ab6a2d/out/whisper.cpp/ggml/src/ggml-cpu -I/opt/rustwide/target/debug/build/whisper-rs-sys/f3686aed23ab6a2d/out/whisper.cpp/ggml/src/../include -ffunction-sections -fdata-sections -fPIC -m64 -w -O2 -g -DNDEBUG -std=gnu11 -march=native -MD -MT ggml/src/CMakeFiles/ggml-cpu.dir/ggml-cpu/arch/x86/quants.c.o -MF CMakeFiles/ggml-cpu.dir/ggml-cpu/arch/x86/quants.c.o.d -o CMakeFiles/ggml-cpu.dir/ggml-cpu/arch/x86/quants.c.o -c /opt/rustwide/target/debug/build/whisper-rs-sys/f3686aed23ab6a2d/out/whisper.cpp/ggml/src/ggml-cpu/arch/x86/quants.c
[INFO] [stderr]   [ 82%] Building CXX object ggml/src/CMakeFiles/ggml-cpu.dir/ggml-cpu/arch/x86/repack.cpp.o
[INFO] [stderr]   cd /opt/rustwide/target/debug/build/whisper-rs-sys/f3686aed23ab6a2d/out/build/ggml/src && /usr/bin/c++ -DGGML_SCHED_MAX_COPIES=4 -DGGML_USE_CPU_REPACK -D_GNU_SOURCE -D_XOPEN_SOURCE=600 -I/opt/rustwide/target/debug/build/whisper-rs-sys/f3686aed23ab6a2d/out/whisper.cpp/ggml/src/.. -I/opt/rustwide/target/debug/build/whisper-rs-sys/f3686aed23ab6a2d/out/whisper.cpp/ggml/src/. -I/opt/rustwide/target/debug/build/whisper-rs-sys/f3686aed23ab6a2d/out/whisper.cpp/ggml/src/ggml-cpu -I/opt/rustwide/target/debug/build/whisper-rs-sys/f3686aed23ab6a2d/out/whisper.cpp/ggml/src/../include -DWHISPER_DEBUG -ffunction-sections -fdata-sections -fPIC -m64 -w -O2 -g -DNDEBUG -std=gnu++17 -march=native -MD -MT ggml/src/CMakeFiles/ggml-cpu.dir/ggml-cpu/arch/x86/repack.cpp.o -MF CMakeFiles/ggml-cpu.dir/ggml-cpu/arch/x86/repack.cpp.o.d -o CMakeFiles/ggml-cpu.dir/ggml-cpu/arch/x86/repack.cpp.o -c /opt/rustwide/target/debug/build/whisper-rs-sys/f3686aed23ab6a2d/out/whisper.cpp/ggml/src/ggml-cpu/arch/x86/repack.cpp
[INFO] [stderr]   gmake[2]: Leaving directory '/opt/rustwide/target/debug/build/whisper-rs-sys/f3686aed23ab6a2d/out/build'
[INFO] [stderr]   gmake[1]: Leaving directory '/opt/rustwide/target/debug/build/whisper-rs-sys/f3686aed23ab6a2d/out/build'
[INFO] [stderr] 
[INFO] [stderr] 
[INFO] [stderr]   --- stderr
[INFO] [stderr]   error: 'rustfmt' is not installed for the custom toolchain '40527f3e444fde1deb361751bdef9b9e11d1b971'.
[INFO] [stderr]   note: this is a custom toolchain, which cannot use `rustup component add`
[INFO] [stderr]   help: if you built this toolchain from source, and used `rustup toolchain link`, then you may be able to build the component with `x.py`
[INFO] [stderr]   Failed to run rustfmt: Internal rustfmt error (non-fatal, continuing)
[INFO] [stderr]   running: cd "/opt/rustwide/target/debug/build/whisper-rs-sys/f3686aed23ab6a2d/out/build" && CMAKE_PREFIX_PATH="" LC_ALL="C" "cmake" "-Wdev" "--debug-output" "/opt/rustwide/target/debug/build/whisper-rs-sys/f3686aed23ab6a2d/out/whisper.cpp" "-B" "/opt/rustwide/target/debug/build/whisper-rs-sys/f3686aed23ab6a2d/out/build" "-DBUILD_SHARED_LIBS=OFF" "-DWHISPER_ALL_WARNINGS=OFF" "-DWHISPER_ALL_WARNINGS_3RD_PARTY=OFF" "-DWHISPER_BUILD_TESTS=OFF" "-DWHISPER_BUILD_EXAMPLES=OFF" "-DGGML_METAL=OFF" "-DCMAKE_BUILD_TYPE=RelWithDebInfo" "-DGGML_OPENMP=OFF" "-DCMAKE_INSTALL_PREFIX=/opt/rustwide/target/debug/build/whisper-rs-sys/f3686aed23ab6a2d/out" "-DCMAKE_C_FLAGS= -ffunction-sections -fdata-sections -fPIC -m64 -w" "-DCMAKE_C_COMPILER=/usr/bin/cc" "-DCMAKE_CXX_FLAGS= -DWHISPER_DEBUG -ffunction-sections -fdata-sections -fPIC -m64 -w" "-DCMAKE_CXX_COMPILER=/usr/bin/c++" "-DCMAKE_ASM_FLAGS= -ffunction-sections -fdata-sections -fPIC -m64 -w" "-DCMAKE_ASM_COMPILER=/usr/bin/cc" "-DCMAKE_VERBOSE_MAKEFILE:BOOL=ON"
[INFO] [stderr]   CMake Deprecation Warning at CMakeLists.txt:1 (cmake_minimum_required):
[INFO] [stderr]     Compatibility with CMake < 3.10 will be removed from a future version of
[INFO] [stderr]     CMake.
[INFO] [stderr] 
[INFO] [stderr]     Update the VERSION argument <min> value.  Or, use the <min>...<max> syntax
[INFO] [stderr]     to tell CMake that the project requires at least <min> but has been updated
[INFO] [stderr]     to work with policies introduced by <max> or earlier.
[INFO] [stderr] 
[INFO] [stderr] 
[INFO] [stderr]      Called from: [1]	/opt/rustwide/target/debug/build/whisper-rs-sys/f3686aed23ab6a2d/out/whisper.cpp/CMakeLists.txt
[INFO] [stderr]   CMake Warning (dev) at /usr/share/cmake-4.2/Modules/CMakeDetermineCompiler.cmake:128 (set):
[INFO] [stderr]     Policy CMP0126 is not set: set(CACHE) does not remove a normal variable of
[INFO] [stderr]     the same name.  Run "cmake --help-policy CMP0126" for policy details.  Use
[INFO] [stderr]     the cmake_policy command to set the policy and suppress this warning.
[INFO] [stderr] 
[INFO] [stderr]     For compatibility with older versions of CMake, normal variable
[INFO] [stderr]     "CMAKE_C_COMPILER" will be removed from the current scope.
[INFO] [stderr]   Call Stack (most recent call first):
[INFO] [stderr]     /usr/share/cmake-4.2/Modules/CMakeDetermineCCompiler.cmake:67 (_cmake_find_compiler_path)
[INFO] [stderr]     CMakeLists.txt:2 (project)
[INFO] [stderr]   This warning is for project developers.  Use -Wno-dev to suppress it.
[INFO] [stderr] 
[INFO] [stderr]      Called from: [3]	/opt/rustwide/target/debug/build/whisper-rs-sys/f3686aed23ab6a2d/out/whisper.cpp/CMakeLists.txt
[INFO] [stderr]                   [2]	/usr/share/cmake-4.2/Modules/CMakeDetermineCCompiler.cmake
[INFO] [stderr]                   [1]	/usr/share/cmake-4.2/Modules/CMakeDetermineCompiler.cmake
[INFO] [stderr]   CMake Warning (dev) at /usr/share/cmake-4.2/Modules/CMakeDetermineCompiler.cmake:128 (set):
[INFO] [stderr]     Policy CMP0126 is not set: set(CACHE) does not remove a normal variable of
[INFO] [stderr]     the same name.  Run "cmake --help-policy CMP0126" for policy details.  Use
[INFO] [stderr]     the cmake_policy command to set the policy and suppress this warning.
[INFO] [stderr] 
[INFO] [stderr]     For compatibility with older versions of CMake, normal variable
[INFO] [stderr]     "CMAKE_CXX_COMPILER" will be removed from the current scope.
[INFO] [stderr]   Call Stack (most recent call first):
[INFO] [stderr]     /usr/share/cmake-4.2/Modules/CMakeDetermineCXXCompiler.cmake:71 (_cmake_find_compiler_path)
[INFO] [stderr]     CMakeLists.txt:2 (project)
[INFO] [stderr]   This warning is for project developers.  Use -Wno-dev to suppress it.
[INFO] [stderr] 
[INFO] [stderr]      Called from: [3]	/opt/rustwide/target/debug/build/whisper-rs-sys/f3686aed23ab6a2d/out/whisper.cpp/CMakeLists.txt
[INFO] [stderr]                   [2]	/usr/share/cmake-4.2/Modules/CMakeDetermineCXXCompiler.cmake
[INFO] [stderr]                   [1]	/usr/share/cmake-4.2/Modules/CMakeDetermineCompiler.cmake
[INFO] [stderr]   CMake Warning (dev) at /usr/share/cmake-4.2/Modules/CMakeFindBinUtils.cmake:243 (find_program):
[INFO] [stderr]     Policy CMP0126 is not set: set(CACHE) does not remove a normal variable of
[INFO] [stderr]     the same name.  Run "cmake --help-policy CMP0126" for policy details.  Use
[INFO] [stderr]     the cmake_policy command to set the policy and suppress this warning.
[INFO] [stderr] 
[INFO] [stderr]     For compatibility with older versions of CMake, normal variable
[INFO] [stderr]     "CMAKE_TAPI" will be removed from the current scope.
[INFO] [stderr]   Call Stack (most recent call first):
[INFO] [stderr]     /usr/share/cmake-4.2/Modules/CMakeDetermineCXXCompiler.cmake:206 (include)
[INFO] [stderr]     CMakeLists.txt:2 (project)
[INFO] [stderr]   This warning is for project developers.  Use -Wno-dev to suppress it.
[INFO] [stderr] 
[INFO] [stderr]      Called from: [3]	/opt/rustwide/target/debug/build/whisper-rs-sys/f3686aed23ab6a2d/out/whisper.cpp/CMakeLists.txt
[INFO] [stderr]                   [2]	/usr/share/cmake-4.2/Modules/CMakeDetermineCXXCompiler.cmake
[INFO] [stderr]                   [1]	/usr/share/cmake-4.2/Modules/CMakeFindBinUtils.cmake
[INFO] [stderr]   CMake Warning (dev) at /usr/share/cmake-4.2/Modules/CMakeDetermineCompilerABI.cmake:83 (try_compile):
[INFO] [stderr]     Policy CMP0066 is not set: Honor per-config flags in try_compile()
[INFO] [stderr]     source-file signature.  Run "cmake --help-policy CMP0066" for policy
[INFO] [stderr]     details.  Use the cmake_policy command to set the policy and suppress this
[INFO] [stderr]     warning.
[INFO] [stderr] 
[INFO] [stderr]     For compatibility with older versions of CMake, try_compile is not honoring
[INFO] [stderr]     caller config-specific compiler flags (e.g.  CMAKE_C_FLAGS_DEBUG) in the
[INFO] [stderr]     test project.
[INFO] [stderr]   Call Stack (most recent call first):
[INFO] [stderr]     /usr/share/cmake-4.2/Modules/CMakeTestCCompiler.cmake:26 (CMAKE_DETERMINE_COMPILER_ABI)
[INFO] [stderr]     CMakeLists.txt:2 (project)
[INFO] [stderr]   This warning is for project developers.  Use -Wno-dev to suppress it.
[INFO] [stderr] 
[INFO] [stderr]      Called from: [3]	/opt/rustwide/target/debug/build/whisper-rs-sys/f3686aed23ab6a2d/out/whisper.cpp/CMakeLists.txt
[INFO] [stderr]                   [2]	/usr/share/cmake-4.2/Modules/CMakeTestCCompiler.cmake
[INFO] [stderr]                   [1]	/usr/share/cmake-4.2/Modules/CMakeDetermineCompilerABI.cmake
[INFO] [stderr]   CMake Warning (dev) at /usr/share/cmake-4.2/Modules/CMakeDetermineCompilerABI.cmake:83 (try_compile):
[INFO] [stderr]     Policy CMP0066 is not set: Honor per-config flags in try_compile()
[INFO] [stderr]     source-file signature.  Run "cmake --help-policy CMP0066" for policy
[INFO] [stderr]     details.  Use the cmake_policy command to set the policy and suppress this
[INFO] [stderr]     warning.
[INFO] [stderr] 
[INFO] [stderr]     For compatibility with older versions of CMake, try_compile is not honoring
[INFO] [stderr]     caller config-specific compiler flags (e.g.  CMAKE_C_FLAGS_DEBUG) in the
[INFO] [stderr]     test project.
[INFO] [stderr]   Call Stack (most recent call first):
[INFO] [stderr]     /usr/share/cmake-4.2/Modules/CMakeTestCXXCompiler.cmake:26 (CMAKE_DETERMINE_COMPILER_ABI)
[INFO] [stderr]     CMakeLists.txt:2 (project)
[INFO] [stderr]   This warning is for project developers.  Use -Wno-dev to suppress it.
[INFO] [stderr] 
[INFO] [stderr]      Called from: [3]	/opt/rustwide/target/debug/build/whisper-rs-sys/f3686aed23ab6a2d/out/whisper.cpp/CMakeLists.txt
[INFO] [stderr]                   [2]	/usr/share/cmake-4.2/Modules/CMakeTestCXXCompiler.cmake
[INFO] [stderr]                   [1]	/usr/share/cmake-4.2/Modules/CMakeDetermineCompilerABI.cmake
[INFO] [stderr]   fatal: not a git repository (or any parent up to mount point /opt/rustwide)
[INFO] [stderr]   Stopping at filesystem boundary (GIT_DISCOVERY_ACROSS_FILESYSTEM not set).
[INFO] [stderr]   fatal: not a git repository (or any parent up to mount point /opt/rustwide)
[INFO] [stderr]   Stopping at filesystem boundary (GIT_DISCOVERY_ACROSS_FILESYSTEM not set).
[INFO] [stderr]      Entering             /opt/rustwide/target/debug/build/whisper-rs-sys/f3686aed23ab6a2d/out/whisper.cpp/ggml
[INFO] [stderr]      Called from: [1]	/opt/rustwide/target/debug/build/whisper-rs-sys/f3686aed23ab6a2d/out/whisper.cpp/CMakeLists.txt
[INFO] [stderr]   CMake Warning (dev) at /usr/share/cmake-4.2/Modules/CMakeDetermineCompiler.cmake:128 (set):
[INFO] [stderr]     Policy CMP0126 is not set: set(CACHE) does not remove a normal variable of
[INFO] [stderr]     the same name.  Run "cmake --help-policy CMP0126" for policy details.  Use
[INFO] [stderr]     the cmake_policy command to set the policy and suppress this warning.
[INFO] [stderr] 
[INFO] [stderr]     For compatibility with older versions of CMake, normal variable
[INFO] [stderr]     "CMAKE_ASM_COMPILER" will be removed from the current scope.
[INFO] [stderr]   Call Stack (most recent call first):
[INFO] [stderr]     /usr/share/cmake-4.2/Modules/CMakeDetermineASMCompiler.cmake:64 (_cmake_find_compiler_path)
[INFO] [stderr]     ggml/CMakeLists.txt:2 (project)
[INFO] [stderr]   This warning is for project developers.  Use -Wno-dev to suppress it.
[INFO] [stderr] 
[INFO] [stderr]      Called from: [3]	/opt/rustwide/target/debug/build/whisper-rs-sys/f3686aed23ab6a2d/out/whisper.cpp/ggml/CMakeLists.txt
[INFO] [stderr]                   [2]	/usr/share/cmake-4.2/Modules/CMakeDetermineASMCompiler.cmake
[INFO] [stderr]                   [1]	/usr/share/cmake-4.2/Modules/CMakeDetermineCompiler.cmake
[INFO] [stderr]   CMake Warning (dev) at /usr/share/cmake-4.2/Modules/CMakeFindBinUtils.cmake:243 (find_program):
[INFO] [stderr]     Policy CMP0126 is not set: set(CACHE) does not remove a normal variable of
[INFO] [stderr]     the same name.  Run "cmake --help-policy CMP0126" for policy details.  Use
[INFO] [stderr]     the cmake_policy command to set the policy and suppress this warning.
[INFO] [stderr] 
[INFO] [stderr]     For compatibility with older versions of CMake, normal variable
[INFO] [stderr]     "CMAKE_TAPI" will be removed from the current scope.
[INFO] [stderr]   Call Stack (most recent call first):
[INFO] [stderr]     /usr/share/cmake-4.2/Modules/CMakeDetermineASMCompiler.cmake:267 (include)
[INFO] [stderr]     ggml/CMakeLists.txt:2 (project)
[INFO] [stderr]   This warning is for project developers.  Use -Wno-dev to suppress it.
[INFO] [stderr] 
[INFO] [stderr]      Called from: [3]	/opt/rustwide/target/debug/build/whisper-rs-sys/f3686aed23ab6a2d/out/whisper.cpp/ggml/CMakeLists.txt
[INFO] [stderr]                   [2]	/usr/share/cmake-4.2/Modules/CMakeDetermineASMCompiler.cmake
[INFO] [stderr]                   [1]	/usr/share/cmake-4.2/Modules/CMakeFindBinUtils.cmake
[INFO] [stderr]      Entering             /opt/rustwide/target/debug/build/whisper-rs-sys/f3686aed23ab6a2d/out/whisper.cpp/ggml/src
[INFO] [stderr]      Called from: [1]	/opt/rustwide/target/debug/build/whisper-rs-sys/f3686aed23ab6a2d/out/whisper.cpp/ggml/CMakeLists.txt
[INFO] [stderr]      Entering             /opt/rustwide/target/debug/build/whisper-rs-sys/f3686aed23ab6a2d/out/whisper.cpp/ggml/src/ggml-cpu
[INFO] [stderr]      Called from: [2]	/opt/rustwide/target/debug/build/whisper-rs-sys/f3686aed23ab6a2d/out/whisper.cpp/ggml/src/CMakeLists.txt
[INFO] [stderr]                   [1]	/opt/rustwide/target/debug/build/whisper-rs-sys/f3686aed23ab6a2d/out/whisper.cpp/ggml/src/CMakeLists.txt
[INFO] [stderr]      Returning to         /opt/rustwide/target/debug/build/whisper-rs-sys/f3686aed23ab6a2d/out/whisper.cpp/ggml/src
[INFO] [stderr]      Called from: [2]	/opt/rustwide/target/debug/build/whisper-rs-sys/f3686aed23ab6a2d/out/whisper.cpp/ggml/src/CMakeLists.txt
[INFO] [stderr]                   [1]	/opt/rustwide/target/debug/build/whisper-rs-sys/f3686aed23ab6a2d/out/whisper.cpp/ggml/src/CMakeLists.txt
[INFO] [stderr]      Returning to         /opt/rustwide/target/debug/build/whisper-rs-sys/f3686aed23ab6a2d/out/whisper.cpp/ggml
[INFO] [stderr]      Called from: [1]	/opt/rustwide/target/debug/build/whisper-rs-sys/f3686aed23ab6a2d/out/whisper.cpp/ggml/CMakeLists.txt
[INFO] [stderr]      Returning to         /opt/rustwide/target/debug/build/whisper-rs-sys/f3686aed23ab6a2d/out/whisper.cpp
[INFO] [stderr]      Called from: [1]	/opt/rustwide/target/debug/build/whisper-rs-sys/f3686aed23ab6a2d/out/whisper.cpp/CMakeLists.txt
[INFO] [stderr]      Entering             /opt/rustwide/target/debug/build/whisper-rs-sys/f3686aed23ab6a2d/out/whisper.cpp/src
[INFO] [stderr]      Called from: [1]	/opt/rustwide/target/debug/build/whisper-rs-sys/f3686aed23ab6a2d/out/whisper.cpp/CMakeLists.txt
[INFO] [stderr]      Returning to         /opt/rustwide/target/debug/build/whisper-rs-sys/f3686aed23ab6a2d/out/whisper.cpp
[INFO] [stderr]      Called from: [1]	/opt/rustwide/target/debug/build/whisper-rs-sys/f3686aed23ab6a2d/out/whisper.cpp/CMakeLists.txt
[INFO] [stderr]   CMake Warning (dev) in ggml/CMakeLists.txt:
[INFO] [stderr]     Policy CMP0200 is not set: Location and configuration selection for
[INFO] [stderr]     imported targets is more consistent.  Run "cmake --help-policy CMP0200" for
[INFO] [stderr]     policy details.  Use the cmake_policy command to set the policy and
[INFO] [stderr]     suppress this warning.
[INFO] [stderr] 
[INFO] [stderr]     Configuration selection for imported target "Threads::Threads" selected
[INFO] [stderr]     configuration "(none)", but would select configuration "RELWITHDEBINFO"
[INFO] [stderr]     under the NEW policy.
[INFO] [stderr] 
[INFO] [stderr]   This warning is for project developers.  Use -Wno-dev to suppress it.
[INFO] [stderr] 
[INFO] [stderr]   CMake Warning (dev) in src/CMakeLists.txt:
[INFO] [stderr]     Policy CMP0200 is not set: Location and configuration selection for
[INFO] [stderr]     imported targets is more consistent.  Run "cmake --help-policy CMP0200" for
[INFO] [stderr]     policy details.  Use the cmake_policy command to set the policy and
[INFO] [stderr]     suppress this warning.
[INFO] [stderr] 
[INFO] [stderr]     Configuration selection for imported target "Threads::Threads" selected
[INFO] [stderr]     configuration "(none)", but would select configuration "RELWITHDEBINFO"
[INFO] [stderr]     under the NEW policy.
[INFO] [stderr] 
[INFO] [stderr]   This warning is for project developers.  Use -Wno-dev to suppress it.
[INFO] [stderr] 
[INFO] [stderr]   CMake Warning (dev) in CMakeLists.txt:
[INFO] [stderr]     Policy CMP0082 is not set: Install rules from add_subdirectory() are
[INFO] [stderr]     interleaved with those in caller.  Run "cmake --help-policy CMP0082" for
[INFO] [stderr]     policy details.  Use the cmake_policy command to set the policy and
[INFO] [stderr]     suppress this warning.
[INFO] [stderr] 
[INFO] [stderr]   This warning is for project developers.  Use -Wno-dev to suppress it.
[INFO] [stderr] 
[INFO] [stderr]      Called from: [1]	/opt/rustwide/target/debug/build/whisper-rs-sys/f3686aed23ab6a2d/out/whisper.cpp/CMakeLists.txt
[INFO] [stderr]   CMake Warning (dev) at ggml/src/CMakeLists.txt:192 (add_library):
[INFO] [stderr]     Policy CMP0156 is not set: De-duplicate libraries on link lines based on
[INFO] [stderr]     linker capabilities.  Run "cmake --help-policy CMP0156" for policy details.
[INFO] [stderr]     Use the cmake_policy command to set the policy and suppress this warning.
[INFO] [stderr] 
[INFO] [stderr]     Since the policy is not set, legacy libraries de-duplication strategy will
[INFO] [stderr]     be applied.
[INFO] [stderr]   This warning is for project developers.  Use -Wno-dev to suppress it.
[INFO] [stderr] 
[INFO] [stderr]      Called from: [1]	/opt/rustwide/target/debug/build/whisper-rs-sys/f3686aed23ab6a2d/out/whisper.cpp/ggml/src/CMakeLists.txt
[INFO] [stderr]   CMake Warning (dev) at ggml/src/CMakeLists.txt:259 (add_library):
[INFO] [stderr]     Policy CMP0156 is not set: De-duplicate libraries on link lines based on
[INFO] [stderr]     linker capabilities.  Run "cmake --help-policy CMP0156" for policy details.
[INFO] [stderr]     Use the cmake_policy command to set the policy and suppress this warning.
[INFO] [stderr] 
[INFO] [stderr]     Since the policy is not set, legacy libraries de-duplication strategy will
[INFO] [stderr]     be applied.
[INFO] [stderr]   Call Stack (most recent call first):
[INFO] [stderr]     ggml/src/ggml-cpu/CMakeLists.txt:22 (ggml_add_backend_library)
[INFO] [stderr]     ggml/src/CMakeLists.txt:444 (ggml_add_cpu_backend_variant_impl)
[INFO] [stderr]   This warning is for project developers.  Use -Wno-dev to suppress it.
[INFO] [stderr] 
[INFO] [stderr]      Called from: [1]	/opt/rustwide/target/debug/build/whisper-rs-sys/f3686aed23ab6a2d/out/whisper.cpp/ggml/src/CMakeLists.txt
[INFO] [stderr]   CMake Warning (dev) at ggml/src/CMakeLists.txt:224 (add_library):
[INFO] [stderr]     Policy CMP0156 is not set: De-duplicate libraries on link lines based on
[INFO] [stderr]     linker capabilities.  Run "cmake --help-policy CMP0156" for policy details.
[INFO] [stderr]     Use the cmake_policy command to set the policy and suppress this warning.
[INFO] [stderr] 
[INFO] [stderr]     Since the policy is not set, legacy libraries de-duplication strategy will
[INFO] [stderr]     be applied.
[INFO] [stderr]   This warning is for project developers.  Use -Wno-dev to suppress it.
[INFO] [stderr] 
[INFO] [stderr]      Called from: [1]	/opt/rustwide/target/debug/build/whisper-rs-sys/f3686aed23ab6a2d/out/whisper.cpp/ggml/src/CMakeLists.txt
[INFO] [stderr]   CMake Warning (dev) at src/CMakeLists.txt:106 (add_library):
[INFO] [stderr]     Policy CMP0156 is not set: De-duplicate libraries on link lines based on
[INFO] [stderr]     linker capabilities.  Run "cmake --help-policy CMP0156" for policy details.
[INFO] [stderr]     Use the cmake_policy command to set the policy and suppress this warning.
[INFO] [stderr] 
[INFO] [stderr]     Since the policy is not set, legacy libraries de-duplication strategy will
[INFO] [stderr]     be applied.
[INFO] [stderr]   This warning is for project developers.  Use -Wno-dev to suppress it.
[INFO] [stderr] 
[INFO] [stderr]      Called from: [1]	/opt/rustwide/target/debug/build/whisper-rs-sys/f3686aed23ab6a2d/out/whisper.cpp/src/CMakeLists.txt
[INFO] [stderr]   running: cd "/opt/rustwide/target/debug/build/whisper-rs-sys/f3686aed23ab6a2d/out/build" && LC_ALL="C" MAKEFLAGS="-j --jobserver-fds=4,5 --jobserver-auth=4,5" "cmake" "--build" "/opt/rustwide/target/debug/build/whisper-rs-sys/f3686aed23ab6a2d/out/build" "--target" "install" "--config" "Release"
[INFO] [stderr]   c++: fatal error: Killed signal terminated program cc1plus
[INFO] [stderr]   compilation terminated.
[INFO] [stderr]   gmake[2]: *** [ggml/src/CMakeFiles/ggml-cpu.dir/build.make:110: ggml/src/CMakeFiles/ggml-cpu.dir/ggml-cpu/repack.cpp.o] Error 1
[INFO] [stderr]   gmake[2]: *** Waiting for unfinished jobs....
[INFO] [stderr]   gmake[1]: *** [CMakeFiles/Makefile2:244: ggml/src/CMakeFiles/ggml-cpu.dir/all] Error 2
[INFO] [stderr]   gmake: *** [Makefile:139: all] Error 2
[INFO] [stderr] 
[INFO] [stderr]   thread 'main' (1079) panicked at /opt/rustwide/cargo-home/registry/src/index.crates.io-1949cf8c6b5b557f/cmake-0.1.58/src/lib.rs:1132:5:
[INFO] [stderr] 
[INFO] [stderr]   command did not execute successfully, got: exit status: 2
[INFO] [stderr] 
[INFO] [stderr]   build script failed, must exit now
[INFO] [stderr]   stack backtrace:
[INFO] [stderr]      0:     0x5aeb707c4e61 - std[424fb19f2a9daa83]::backtrace_rs::backtrace::libunwind::trace
[INFO] [stderr]                                  at /rustc/40527f3e444fde1deb361751bdef9b9e11d1b971/library/std/src/../../backtrace/src/backtrace/libunwind.rs:117:9
[INFO] [stderr]      1:     0x5aeb707c4e61 - std[424fb19f2a9daa83]::backtrace_rs::backtrace::trace_unsynchronized::<std[424fb19f2a9daa83]::sys::backtrace::_print_fmt::{closure#1}>
[INFO] [stderr]                                  at /rustc/40527f3e444fde1deb361751bdef9b9e11d1b971/library/std/src/../../backtrace/src/backtrace/mod.rs:66:14
[INFO] [stderr]      2:     0x5aeb707c4e61 - std[424fb19f2a9daa83]::sys::backtrace::_print_fmt
[INFO] [stderr]                                  at /rustc/40527f3e444fde1deb361751bdef9b9e11d1b971/library/std/src/sys/backtrace.rs:74:9
[INFO] [stderr]      3:     0x5aeb707c4e61 - <<std[424fb19f2a9daa83]::sys::backtrace::BacktraceLock>::print::DisplayBacktrace as core[717fc4f5b532b94f]::fmt::Display>::fmt
[INFO] [stderr]                                  at /rustc/40527f3e444fde1deb361751bdef9b9e11d1b971/library/std/src/sys/backtrace.rs:44:26
[INFO] [stderr]      4:     0x5aeb707dcd6a - <core[717fc4f5b532b94f]::fmt::rt::Argument>::fmt
[INFO] [stderr]                                  at /rustc/40527f3e444fde1deb361751bdef9b9e11d1b971/library/core/src/fmt/rt.rs:152:76
[INFO] [stderr]      5:     0x5aeb707dcd6a - core[717fc4f5b532b94f]::fmt::write
[INFO] [stderr]      6:     0x5aeb707cb1bc - core[717fc4f5b532b94f]::io::write::default_write_fmt::<std[424fb19f2a9daa83]::sys::stdio::unix::Stderr>
[INFO] [stderr]                                  at /rustc/40527f3e444fde1deb361751bdef9b9e11d1b971/library/core/src/io/write.rs:402:11
[INFO] [stderr]      7:     0x5aeb707cb1bc - <std[424fb19f2a9daa83]::sys::stdio::unix::Stderr as core[717fc4f5b532b94f]::io::write::Write>::write_fmt
[INFO] [stderr]                                  at /rustc/40527f3e444fde1deb361751bdef9b9e11d1b971/library/core/src/io/write.rs:335:13
[INFO] [stderr]      8:     0x5aeb7079dc16 - <std[424fb19f2a9daa83]::sys::backtrace::BacktraceLock>::print
[INFO] [stderr]                                  at /rustc/40527f3e444fde1deb361751bdef9b9e11d1b971/library/std/src/sys/backtrace.rs:47:9
[INFO] [stderr]      9:     0x5aeb7079dc16 - std[424fb19f2a9daa83]::panicking::default_hook::{closure#0}
[INFO] [stderr]                                  at /rustc/40527f3e444fde1deb361751bdef9b9e11d1b971/library/std/src/panicking.rs:289:27
[INFO] [stderr]     10:     0x5aeb707bba31 - std[424fb19f2a9daa83]::panicking::default_hook
[INFO] [stderr]                                  at /rustc/40527f3e444fde1deb361751bdef9b9e11d1b971/library/std/src/panicking.rs:316:9
[INFO] [stderr]     11:     0x5aeb707bbd5b - std[424fb19f2a9daa83]::panicking::panic_with_hook
[INFO] [stderr]                                  at /rustc/40527f3e444fde1deb361751bdef9b9e11d1b971/library/std/src/panicking.rs:811:13
[INFO] [stderr]     12:     0x5aeb7079dcc2 - std[424fb19f2a9daa83]::panicking::panic_handler::{closure#0}
[INFO] [stderr]                                  at /rustc/40527f3e444fde1deb361751bdef9b9e11d1b971/library/std/src/panicking.rs:685:13
[INFO] [stderr]     13:     0x5aeb70796439 - std[424fb19f2a9daa83]::sys::backtrace::__rust_end_short_backtrace::<std[424fb19f2a9daa83]::panicking::panic_handler::{closure#0}, !>
[INFO] [stderr]                                  at /rustc/40527f3e444fde1deb361751bdef9b9e11d1b971/library/std/src/sys/backtrace.rs:182:18
[INFO] [stderr]     14:     0x5aeb7079e8bd - __rustc[1fc61c0a089715c4]::rust_begin_unwind
[INFO] [stderr]                                  at /rustc/40527f3e444fde1deb361751bdef9b9e11d1b971/library/std/src/panicking.rs:676:5
[INFO] [stderr]     15:     0x5aeb707dd60c - core[717fc4f5b532b94f]::panicking::panic_fmt
[INFO] [stderr]                                  at /rustc/40527f3e444fde1deb361751bdef9b9e11d1b971/library/core/src/panicking.rs:80:14
[INFO] [stderr]     16:     0x5aeb70201d47 - cmake[583fdb8113af2a1c]::fail
[INFO] [stderr]     17:     0x5aeb702019d3 - cmake[583fdb8113af2a1c]::run
[INFO] [stderr]     18:     0x5aeb702079d5 - <cmake[583fdb8113af2a1c]::Config>::build
[INFO] [stderr]     19:     0x5aeb701eec4a - build_script_build[ba1c39a343d5e798]::main
[INFO] [stderr]     20:     0x5aeb701f23e3 - <fn() as core[717fc4f5b532b94f]::ops::function::FnOnce<()>>::call_once
[INFO] [stderr]     21:     0x5aeb701ec716 - std[424fb19f2a9daa83]::sys::backtrace::__rust_begin_short_backtrace::<fn(), ()>
[INFO] [stderr]     22:     0x5aeb701ecc79 - std[424fb19f2a9daa83]::rt::lang_start::<()>::{closure#0}
[INFO] [stderr]     23:     0x5aeb707bad28 - <&dyn core[717fc4f5b532b94f]::ops::function::Fn<(), Output = i32> + core[717fc4f5b532b94f]::panic::unwind_safe::RefUnwindSafe + core[717fc4f5b532b94f]::marker::Sync as core[717fc4f5b532b94f]::ops::function::FnOnce<()>>::call_once
[INFO] [stderr]                                  at /rustc/40527f3e444fde1deb361751bdef9b9e11d1b971/library/core/src/ops/function.rs:287:21
[INFO] [stderr]     24:     0x5aeb707bad28 - std[424fb19f2a9daa83]::panicking::catch_unwind::do_call::<&dyn core[717fc4f5b532b94f]::ops::function::Fn<(), Output = i32> + core[717fc4f5b532b94f]::panic::unwind_safe::RefUnwindSafe + core[717fc4f5b532b94f]::marker::Sync, i32>
[INFO] [stderr]                                  at /rustc/40527f3e444fde1deb361751bdef9b9e11d1b971/library/std/src/panicking.rs:573:43
[INFO] [stderr]     25:     0x5aeb707bad28 - std[424fb19f2a9daa83]::panicking::catch_unwind::<i32, &dyn core[717fc4f5b532b94f]::ops::function::Fn<(), Output = i32> + core[717fc4f5b532b94f]::panic::unwind_safe::RefUnwindSafe + core[717fc4f5b532b94f]::marker::Sync>
[INFO] [stderr]                                  at /rustc/40527f3e444fde1deb361751bdef9b9e11d1b971/library/std/src/panicking.rs:541:19
[INFO] [stderr]     26:     0x5aeb707bad28 - std[424fb19f2a9daa83]::panic::catch_unwind::<&dyn core[717fc4f5b532b94f]::ops::function::Fn<(), Output = i32> + core[717fc4f5b532b94f]::panic::unwind_safe::RefUnwindSafe + core[717fc4f5b532b94f]::marker::Sync, i32>
[INFO] [stderr]                                  at /rustc/40527f3e444fde1deb361751bdef9b9e11d1b971/library/std/src/panic.rs:359:14
[INFO] [stderr]     27:     0x5aeb707bad28 - std[424fb19f2a9daa83]::rt::lang_start_internal::{closure#0}
[INFO] [stderr]                                  at /rustc/40527f3e444fde1deb361751bdef9b9e11d1b971/library/std/src/rt.rs:175:24
[INFO] [stderr]     28:     0x5aeb707bad28 - std[424fb19f2a9daa83]::panicking::catch_unwind::do_call::<std[424fb19f2a9daa83]::rt::lang_start_internal::{closure#0}, isize>
[INFO] [stderr]                                  at /rustc/40527f3e444fde1deb361751bdef9b9e11d1b971/library/std/src/panicking.rs:573:43
[INFO] [stderr]     29:     0x5aeb707bad28 - std[424fb19f2a9daa83]::panicking::catch_unwind::<isize, std[424fb19f2a9daa83]::rt::lang_start_internal::{closure#0}>
[INFO] [stderr]                                  at /rustc/40527f3e444fde1deb361751bdef9b9e11d1b971/library/std/src/panicking.rs:541:19
[INFO] [stderr]     30:     0x5aeb707bad28 - std[424fb19f2a9daa83]::panic::catch_unwind::<std[424fb19f2a9daa83]::rt::lang_start_internal::{closure#0}, isize>
[INFO] [stderr]                                  at /rustc/40527f3e444fde1deb361751bdef9b9e11d1b971/library/std/src/panic.rs:359:14
[INFO] [stderr]     31:     0x5aeb707bad28 - std[424fb19f2a9daa83]::rt::lang_start_internal
[INFO] [stderr]                                  at /rustc/40527f3e444fde1deb361751bdef9b9e11d1b971/library/std/src/rt.rs:171:5
[INFO] [stderr]     32:     0x5aeb701ebe31 - std[424fb19f2a9daa83]::rt::lang_start::<()>
[INFO] [stderr]     33:     0x5aeb701f2725 - main
[INFO] [stderr]     34:     0x7fd0ce416601 - <unknown>
[INFO] [stderr]     35:     0x7fd0ce416718 - __libc_start_main
[INFO] [stderr]     36:     0x5aeb701e6425 - _start
[INFO] [stderr]     37:                0x0 - <unknown>
[INFO] running `Command { std: "docker" "inspect" "fc45eefa65d8b73f72f0178de3dea106feabe6c110dc91b7ab9b890cfe6bd6e7", kill_on_drop: false }`
[INFO] running `Command { std: "docker" "rm" "-f" "fc45eefa65d8b73f72f0178de3dea106feabe6c110dc91b7ab9b890cfe6bd6e7", kill_on_drop: false }`
[INFO] [stdout] fc45eefa65d8b73f72f0178de3dea106feabe6c110dc91b7ab9b890cfe6bd6e7
